{"id":46697,"date":"2026-04-25T00:53:25","date_gmt":"2026-04-24T23:53:25","guid":{"rendered":"https:\/\/racefinder.pt\/?post_type=product&#038;p=46697"},"modified":"2026-04-27T12:30:33","modified_gmt":"2026-04-27T11:30:33","slug":"open-btt-xco-vila-do-conde","status":"publish","type":"product","link":"https:\/\/racefinder.pt\/pt\/event\/open-btt-xco-vila-do-conde\/","title":{"rendered":"Open BTT XCO Vila do Conde"},"content":{"rendered":"","protected":false},"excerpt":{"rendered":"","protected":false},"featured_media":43797,"comment_status":"open","ping_status":"closed","template":"","meta":{"_acf_changed":false,"footnotes":""},"product_brand":[],"product_cat":[193,130,1966],"product_tag":[],"class_list":{"0":"post-46697","1":"product","2":"type-product","3":"status-publish","4":"has-post-thumbnail","6":"product_cat-btt-pt-2","7":"product_cat-ciclismo","8":"product_cat-kids-pt-3","10":"first","11":"instock","12":"shipping-taxable","13":"purchasable","14":"product-type-variable"},"acf":{"event_location_text":"Vila do Conde, Porto","event_short_description":"<p>O Open BTT XCO Vila do Conde \u00e9 uma prova de cross-country de mountain bike que se realiza a 12 de julho de 2026 em Vila do Conde. O evento inclui v\u00e1rias categorias para todas as idades, dos 2 aos 90 anos, incluindo elites, masters, jovens, paraciclismo e e-bikes.<\/p>\n<p>A prova \u00e9 aberta a uma ampla gama de participantes, com categorias masculinas e femininas, proporcionando um ambiente competitivo e inclusivo. A partida est\u00e1 marcada para as 10:00 e abrange diversas faixas et\u00e1rias e g\u00e9neros.<\/p>\n","organizer_description":"<p><strong><a class=\"\" href=\"https:\/\/sinctime.com\/evento\/475\" target=\"_new\" rel=\"noopener\">Regulamento \u2197<\/a><\/strong><\/p>\n<p><strong>Hor\u00e1rios de partida por categoria\/dist\u00e2ncia:<\/strong><br \/>\n\u2022 Todas as categorias partem \u00e0s 10:00 do dia 12 de julho de 2026<\/p>\n<p><strong>Escal\u00f5es\/categorias:<\/strong><br \/>\n\u2022 Sub 7 (ambos os sexos, dos 2 aos 90 anos)<br \/>\n\u2022 Sub 9 (ambos os sexos, dos 2 aos 90 anos)<br \/>\n\u2022 Sub 11 (ambos os sexos, dos 2 aos 90 anos)<br \/>\n\u2022 Sub 13 (ambos os sexos, dos 2 aos 90 anos)<br \/>\n\u2022 Sub 15 Masculino (dos 2 aos 90 anos)<br \/>\n\u2022 Sub 15 Feminino (dos 2 aos 90 anos)<br \/>\n\u2022 Master-B 40 Masculino (dos 2 aos 90 anos)<br \/>\n\u2022 Master-C 50 Masculino (dos 2 aos 90 anos)<br \/>\n\u2022 Master-D 60 Masculino (dos 2 aos 90 anos)<br \/>\n\u2022 Paraciclismo (ambos os sexos, dos 2 aos 90 anos)<br \/>\n\u2022 Elite Feminino (dos 2 aos 90 anos)<br \/>\n\u2022 Sub 23 Feminino (dos 2 aos 90 anos)<br \/>\n\u2022 Sub 19 Feminino (dos 2 aos 90 anos)<br \/>\n\u2022 Sub 17 Feminino (dos 2 aos 90 anos)<br \/>\n\u2022 E-Bikes Masculino (dos 2 aos 90 anos)<br \/>\n\u2022 E-Bikes Feminino (dos 2 aos 90 anos)<br \/>\n\u2022 Elite Masculino (dos 2 aos 90 anos)<br \/>\n\u2022 Sub 23 Masculino (dos 2 aos 90 anos)<br \/>\n\u2022 Master-A 30 Masculino (dos 2 aos 90 anos)<br \/>\n\u2022 Sub 19 Masculino (dos 2 aos 90 anos)<br \/>\n\u2022 Sub 17 Masculino (dos 2 aos 90 anos)<br \/>\n\u2022 Master Feminino (dos 2 aos 90 anos)<\/p>\n<p><strong>Prazo de inscri\u00e7\u00e3o:<\/strong> 18 de mar\u00e7o de 2026 \u00e0s 23:59<\/p>\n<p><strong>Locais de partida\/chegada:<\/strong> Vila do Conde<\/p>\n","race_benefits":"","event_faq_headline":"FAQ","event_faq_items":false,"event_date_start":"20260712","event_date_end":"20260712","event_start_time":"","event_country":"portugal","event_ticket_url":"https:\/\/sinctime.com\/evento\/475","event_latitude":"41.354","event_longitude":"-8.7435","event_rating":"","is_hot_event":false,"event_participants_count":"0","organizer_avatar":false,"event_gallery":false,"purchasing_all_variations_through_woocommerce":false,"optional_extras":false,"organizer_website":{"title":"","url":"","target":"","0":""}},"_links":{"self":[{"href":"https:\/\/racefinder.pt\/pt\/wp-json\/wp\/v2\/product\/46697","targetHints":{"allow":["GET"]}}],"collection":[{"href":"https:\/\/racefinder.pt\/pt\/wp-json\/wp\/v2\/product"}],"about":[{"href":"https:\/\/racefinder.pt\/pt\/wp-json\/wp\/v2\/types\/product"}],"replies":[{"embeddable":true,"href":"https:\/\/racefinder.pt\/pt\/wp-json\/wp\/v2\/comments?post=46697"}],"version-history":[{"count":2,"href":"https:\/\/racefinder.pt\/pt\/wp-json\/wp\/v2\/product\/46697\/revisions"}],"predecessor-version":[{"id":46945,"href":"https:\/\/racefinder.pt\/pt\/wp-json\/wp\/v2\/product\/46697\/revisions\/46945"}],"wp:featuredmedia":[{"embeddable":true,"href":"https:\/\/racefinder.pt\/pt\/wp-json\/wp\/v2\/media\/43797"}],"wp:attachment":[{"href":"https:\/\/racefinder.pt\/pt\/wp-json\/wp\/v2\/media?parent=46697"}],"wp:term":[{"taxonomy":"product_brand","embeddable":true,"href":"https:\/\/racefinder.pt\/pt\/wp-json\/wp\/v2\/product_brand?post=46697"},{"taxonomy":"product_cat","embeddable":true,"href":"https:\/\/racefinder.pt\/pt\/wp-json\/wp\/v2\/product_cat?post=46697"},{"taxonomy":"product_tag","embeddable":true,"href":"https:\/\/racefinder.pt\/pt\/wp-json\/wp\/v2\/product_tag?post=46697"}],"curies":[{"name":"wp","href":"https:\/\/api.w.org\/{rel}","templated":true}]}}

<p>O Open BTT XCO Vila do Conde é uma prova de cross-country de mountain bike que se realiza a 12 de julho de 2026 em Vila do Conde. O evento inclui várias categorias para todas as idades, dos 2 aos 90 anos, incluindo elites, masters, jovens, paraciclismo e e-bikes.</p>
<p>A prova é aberta a uma ampla gama de participantes, com categorias masculinas e femininas, proporcionando um ambiente competitivo e inclusivo. A partida está marcada para as 10:00 e abrange diversas faixas etárias e géneros.</p>

<p><strong><a class="" href="https://sinctime.com/evento/475" target="_new" rel="noopener">Regulamento ↗</a></strong></p>
<p><strong>Horários de partida por categoria/distância:</strong><br />
• Todas as categorias partem às 10:00 do dia 12 de julho de 2026</p>
<p><strong>Escalões/categorias:</strong><br />
• Sub 7 (ambos os sexos, dos 2 aos 90 anos)<br />
• Sub 9 (ambos os sexos, dos 2 aos 90 anos)<br />
• Sub 11 (ambos os sexos, dos 2 aos 90 anos)<br />
• Sub 13 (ambos os sexos, dos 2 aos 90 anos)<br />
• Sub 15 Masculino (dos 2 aos 90 anos)<br />
• Sub 15 Feminino (dos 2 aos 90 anos)<br />
• Master-B 40 Masculino (dos 2 aos 90 anos)<br />
• Master-C 50 Masculino (dos 2 aos 90 anos)<br />
• Master-D 60 Masculino (dos 2 aos 90 anos)<br />
• Paraciclismo (ambos os sexos, dos 2 aos 90 anos)<br />
• Elite Feminino (dos 2 aos 90 anos)<br />
• Sub 23 Feminino (dos 2 aos 90 anos)<br />
• Sub 19 Feminino (dos 2 aos 90 anos)<br />
• Sub 17 Feminino (dos 2 aos 90 anos)<br />
• E-Bikes Masculino (dos 2 aos 90 anos)<br />
• E-Bikes Feminino (dos 2 aos 90 anos)<br />
• Elite Masculino (dos 2 aos 90 anos)<br />
• Sub 23 Masculino (dos 2 aos 90 anos)<br />
• Master-A 30 Masculino (dos 2 aos 90 anos)<br />
• Sub 19 Masculino (dos 2 aos 90 anos)<br />
• Sub 17 Masculino (dos 2 aos 90 anos)<br />
• Master Feminino (dos 2 aos 90 anos)</p>
<p><strong>Prazo de inscrição:</strong> 18 de março de 2026 às 23:59</p>
<p><strong>Locais de partida/chegada:</strong> Vila do Conde</p>
