{"id":45514,"date":"2026-04-22T00:16:50","date_gmt":"2026-04-21T23:16:50","guid":{"rendered":"https:\/\/racefinder.pt\/?post_type=product&#038;p=45514"},"modified":"2026-04-22T09:57:37","modified_gmt":"2026-04-22T08:57:37","slug":"campeonato-de-formacao-de-ciclismo-da-ucvnf","status":"publish","type":"product","link":"https:\/\/racefinder.pt\/pt\/event\/campeonato-de-formacao-de-ciclismo-da-ucvnf\/","title":{"rendered":"Campeonato de Forma\u00e7\u00e3o de Ciclismo da UCVNF"},"content":{"rendered":"","protected":false},"excerpt":{"rendered":"","protected":false},"featured_media":43805,"comment_status":"open","ping_status":"closed","template":"","meta":{"_acf_changed":false,"footnotes":""},"product_brand":[],"product_cat":[193,130,212],"product_tag":[],"class_list":{"0":"post-45514","1":"product","2":"type-product","3":"status-publish","4":"has-post-thumbnail","6":"product_cat-btt-pt-2","7":"product_cat-ciclismo","8":"product_cat-ciclismo-de-estrada","10":"first","11":"instock","12":"shipping-taxable","13":"purchasable","14":"product-type-variable"},"acf":{"event_location_text":"Vila Nova de Famalic\u00e3o, Braga","event_short_description":"<p>O Campeonato de Forma\u00e7\u00e3o de Ciclismo da UCVNF \u00e9 um evento para crian\u00e7as dos 2 aos 16 anos, que decorrer\u00e1 de maio a setembro de 2026 em Jesufrei, Avidos e Vila Nova de Famalic\u00e3o, Portugal. Consiste em tr\u00eas provas em diferentes terrenos: circuito de BTT\/XCO maioritariamente em terra em Jesufrei, circuito totalmente em asfalto em Avidos e prova urbana mista no parque da Devesa em Vila Nova de Famalic\u00e3o.<\/p>\n<p>O campeonato est\u00e1 aberto a todas as crian\u00e7as que gostem e sejam capazes de andar de bicicleta, com categorias do Sub-5 ao Sub-17 conforme a idade. O objetivo \u00e9 promover o ciclismo como pr\u00e1tica desportiva e atividade saud\u00e1vel para os mais jovens, oferecendo experi\u00eancias variadas para desenvolver compet\u00eancias e descobrir prefer\u00eancias.<\/p>\n<p>Cada prova premia com medalhas os tr\u00eas primeiros atletas masculinos e femininos por escal\u00e3o, com trof\u00e9us para os tr\u00eas mais pontuados no final das tr\u00eas provas e diplomas para os participantes que completarem o campeonato completo.<\/p>\n","organizer_description":"<p><strong><a class=\"\" href=\"https:\/\/drive.google.com\/file\/d\/1PF6JPGpun0Ke6vcZlw6_6jy6KrHcYNRI\/view\" target=\"_new\" rel=\"noopener\">Regulamento \u2197<\/a><\/strong><\/p>\n<p><strong>Escal\u00f5es\/categorias:<\/strong><br \/>\n\u2022 Sub 5 (nascidos 2022-2023)<br \/>\n\u2022 Sub 7 (nascidos 2020-2021)<br \/>\n\u2022 Sub 9 (nascidos 2018-2019)<br \/>\n\u2022 Sub 11 (nascidos 2016-2017)<br \/>\n\u2022 Sub 13 (nascidos 2014-2015)<br \/>\n\u2022 Sub 15 (nascidos 2012-2013)<br \/>\n\u2022 Sub 17 (nascidos 2010-2011)<\/p>\n<p><strong>Locais de partida\/chegada:<\/strong> Jesufrei, Avidos, Vila Nova de Famalic\u00e3o (Parque da Devesa)<\/p>\n<p><strong>Hor\u00e1rios de partida por categoria\/dist\u00e2ncia:<\/strong><br \/>\n\u2022 Sub 5: 15h00<br \/>\n\u2022 Sub 7: 15h20<br \/>\n\u2022 Sub 9: 15h20<br \/>\n\u2022 Sub 11: 16h00<br \/>\n\u2022 Sub 13: 16h00<br \/>\n\u2022 Sub 15: 16h45<br \/>\n\u2022 Sub 17: 16h45<\/p>\n<p><strong>Prazo de inscri\u00e7\u00e3o:<\/strong> At\u00e9 \u00e0s 18h da quinta-feira anterior a cada prova<\/p>\n<p><strong>Tipos de piso:<\/strong><br \/>\n\u2022 Jesufrei: 99% terra com alguns obst\u00e1culos<br \/>\n\u2022 Avidos: totalmente em asfalto<br \/>\n\u2022 Vila Nova de Famalic\u00e3o: terreno misto urbano<\/p>\n<p><strong>Formato do percurso:<\/strong> Circuitos fechados, dist\u00e2ncias e dificuldades adaptadas por escal\u00e3o<\/p>\n<p><strong>Pr\u00e9mios:<\/strong> Medalhas para os 3 primeiros por g\u00e9nero e escal\u00e3o em cada prova, trof\u00e9us para os 3 mais pontuados por escal\u00e3o no final, diplomas para participantes completos<\/p>\n","race_benefits":"","event_faq_headline":"FAQ","event_faq_items":[{"item_title":"As crian\u00e7as podem participar?","item_description":"Sim, o campeonato \u00e9 aberto a crian\u00e7as dos 2 aos 16 anos, divididas nos escal\u00f5es Sub-5 a Sub-17."},{"item_title":"Como fazer a inscri\u00e7\u00e3o?","item_description":"As inscri\u00e7\u00f5es devem ser feitas online na plataforma Bestmove at\u00e9 \u00e0s 18h da quinta-feira anterior a cada prova. Os participantes devem apresentar CC e, se federados, c\u00f3pia da licen\u00e7a no secretariado."},{"item_title":"\u00c9 obrigat\u00f3rio o uso de capacete?","item_description":"Sim, o uso de capacete homologado \u00e9 obrigat\u00f3rio para todos os participantes."},{"item_title":"Quais s\u00e3o os locais e datas das provas?","item_description":"As provas realizam-se a 2 de maio, 25 de julho e 12 de setembro de 2026, em Jesufrei, Avidos e Vila Nova de Famalic\u00e3o, respetivamente."},{"item_title":"O que acontece em caso de avaria na bicicleta durante a prova?","item_description":"\u00c9 permitido trocar de bicicleta apenas no local de meta\/assist\u00eancia; trocar em outro local implica desclassifica\u00e7\u00e3o."}],"event_date_start":"20260502","event_date_end":"20260502","event_start_time":"","event_country":"portugal","event_ticket_url":"https:\/\/bestmove.pt\/evento\/campeonato-de-formacao-de-ciclismo-da-ucvnf","event_latitude":"41.4064","event_longitude":"-8.5187","event_rating":"","is_hot_event":false,"event_participants_count":"0","organizer_avatar":false,"event_gallery":false,"purchasing_all_variations_through_woocommerce":false,"optional_extras":false,"organizer_website":{"title":"","url":"","target":"","0":""}},"_links":{"self":[{"href":"https:\/\/racefinder.pt\/pt\/wp-json\/wp\/v2\/product\/45514","targetHints":{"allow":["GET"]}}],"collection":[{"href":"https:\/\/racefinder.pt\/pt\/wp-json\/wp\/v2\/product"}],"about":[{"href":"https:\/\/racefinder.pt\/pt\/wp-json\/wp\/v2\/types\/product"}],"replies":[{"embeddable":true,"href":"https:\/\/racefinder.pt\/pt\/wp-json\/wp\/v2\/comments?post=45514"}],"version-history":[{"count":1,"href":"https:\/\/racefinder.pt\/pt\/wp-json\/wp\/v2\/product\/45514\/revisions"}],"predecessor-version":[{"id":45515,"href":"https:\/\/racefinder.pt\/pt\/wp-json\/wp\/v2\/product\/45514\/revisions\/45515"}],"wp:featuredmedia":[{"embeddable":true,"href":"https:\/\/racefinder.pt\/pt\/wp-json\/wp\/v2\/media\/43805"}],"wp:attachment":[{"href":"https:\/\/racefinder.pt\/pt\/wp-json\/wp\/v2\/media?parent=45514"}],"wp:term":[{"taxonomy":"product_brand","embeddable":true,"href":"https:\/\/racefinder.pt\/pt\/wp-json\/wp\/v2\/product_brand?post=45514"},{"taxonomy":"product_cat","embeddable":true,"href":"https:\/\/racefinder.pt\/pt\/wp-json\/wp\/v2\/product_cat?post=45514"},{"taxonomy":"product_tag","embeddable":true,"href":"https:\/\/racefinder.pt\/pt\/wp-json\/wp\/v2\/product_tag?post=45514"}],"curies":[{"name":"wp","href":"https:\/\/api.w.org\/{rel}","templated":true}]}}

Campeonato de Formação de Ciclismo da UCVNF

Vila Nova de Famalicão, Braga

<p>O Campeonato de Formação de Ciclismo da UCVNF é um evento para crianças dos 2 aos 16 anos, que decorrerá de maio a setembro de 2026 em Jesufrei, Avidos e Vila Nova de Famalicão, Portugal. Consiste em três provas em diferentes terrenos: circuito de BTT/XCO maioritariamente em terra em Jesufrei, circuito totalmente em asfalto em Avidos e prova urbana mista no parque da Devesa em Vila Nova de Famalicão.</p>
<p>O campeonato está aberto a todas as crianças que gostem e sejam capazes de andar de bicicleta, com categorias do Sub-5 ao Sub-17 conforme a idade. O objetivo é promover o ciclismo como prática desportiva e atividade saudável para os mais jovens, oferecendo experiências variadas para desenvolver competências e descobrir preferências.</p>
<p>Cada prova premia com medalhas os três primeiros atletas masculinos e femininos por escalão, com troféus para os três mais pontuados no final das três provas e diplomas para os participantes que completarem o campeonato completo.</p>

<p><strong><a class="" href="https://drive.google.com/file/d/1PF6JPGpun0Ke6vcZlw6_6jy6KrHcYNRI/view" target="_new" rel="noopener">Regulamento ↗</a></strong></p>
<p><strong>Escalões/categorias:</strong><br />
• Sub 5 (nascidos 2022-2023)<br />
• Sub 7 (nascidos 2020-2021)<br />
• Sub 9 (nascidos 2018-2019)<br />
• Sub 11 (nascidos 2016-2017)<br />
• Sub 13 (nascidos 2014-2015)<br />
• Sub 15 (nascidos 2012-2013)<br />
• Sub 17 (nascidos 2010-2011)</p>
<p><strong>Locais de partida/chegada:</strong> Jesufrei, Avidos, Vila Nova de Famalicão (Parque da Devesa)</p>
<p><strong>Horários de partida por categoria/distância:</strong><br />
• Sub 5: 15h00<br />
• Sub 7: 15h20<br />
• Sub 9: 15h20<br />
• Sub 11: 16h00<br />
• Sub 13: 16h00<br />
• Sub 15: 16h45<br />
• Sub 17: 16h45</p>
<p><strong>Prazo de inscrição:</strong> Até às 18h da quinta-feira anterior a cada prova</p>
<p><strong>Tipos de piso:</strong><br />
• Jesufrei: 99% terra com alguns obstáculos<br />
• Avidos: totalmente em asfalto<br />
• Vila Nova de Famalicão: terreno misto urbano</p>
<p><strong>Formato do percurso:</strong> Circuitos fechados, distâncias e dificuldades adaptadas por escalão</p>
<p><strong>Prémios:</strong> Medalhas para os 3 primeiros por género e escalão em cada prova, troféus para os 3 mais pontuados por escalão no final, diplomas para participantes completos</p>

As crianças podem participar?

Sim, o campeonato é aberto a crianças dos 2 aos 16 anos, divididas nos escalões Sub-5 a Sub-17.

Como fazer a inscrição?

As inscrições devem ser feitas online na plataforma Bestmove até às 18h da quinta-feira anterior a cada prova. Os participantes devem apresentar CC e, se federados, cópia da licença no secretariado.

É obrigatório o uso de capacete?

Sim, o uso de capacete homologado é obrigatório para todos os participantes.

Quais são os locais e datas das provas?

As provas realizam-se a 2 de maio, 25 de julho e 12 de setembro de 2026, em Jesufrei, Avidos e Vila Nova de Famalicão, respetivamente.

É permitido trocar de bicicleta apenas no local de meta/assistência; trocar em outro local implica desclassificação.
