{"id":44924,"date":"2026-04-18T01:10:41","date_gmt":"2026-04-18T00:10:41","guid":{"rendered":"https:\/\/racefinder.pt\/?post_type=product&#038;p=44924"},"modified":"2026-04-20T15:49:55","modified_gmt":"2026-04-20T14:49:55","slug":"3a-corrida-egas-moniz","status":"publish","type":"product","link":"https:\/\/racefinder.pt\/pt\/event\/3a-corrida-egas-moniz\/","title":{"rendered":"3\u00aa Corrida Egas Moniz"},"content":{"rendered":"","protected":false},"excerpt":{"rendered":"","protected":false},"featured_media":45157,"comment_status":"open","ping_status":"closed","template":"","meta":{"_acf_changed":false,"footnotes":""},"product_brand":[],"product_cat":[129,246,2697,161],"product_tag":[],"class_list":{"0":"post-44924","1":"product","2":"type-product","3":"status-publish","4":"has-post-thumbnail","6":"product_cat-corrida","7":"product_cat-corrida-de-rua","8":"product_cat-jovens","9":"product_cat-kids-pt","11":"first","12":"instock","13":"shipping-taxable","14":"purchasable","15":"product-type-variable"},"acf":{"event_location_text":"Almada, Lisboa","event_short_description":"<p>A 3\u00aa Corrida Egas Moniz realizar-se-\u00e1 a 24 de maio de 2026, no Campus da Escola Superior de Sa\u00fade Egas Moniz, Monte de Caparica, Portugal. Esta prova integra o Trof\u00e9u de Atletismo Almada \u201cM\u00e1rio Pinto Claro\u201d 2025\/2026.<\/p>\n<p>As dist\u00e2ncias variam entre 200 metros para as categorias mais jovens at\u00e9 7.000 metros para seniores e veteranos, com v\u00e1rias categorias et\u00e1rias para ambos os sexos, incluindo desporto adaptado. A prova est\u00e1 aberta a todos os atletas, independentemente da filia\u00e7\u00e3o a clubes.<\/p>\n<p>O evento oferece uma atmosfera competitiva com classifica\u00e7\u00f5es individuais e coletivas, trof\u00e9us para os vencedores e medalhas para os primeiros classificados de cada escal\u00e3o, constituindo uma competi\u00e7\u00e3o completa para todas as idades e n\u00edveis.<\/p>\n","organizer_description":"<p><strong><a class=\"\" href=\"https:\/\/tatletismo-almada.pt\/wp-content\/uploads\/2026\/03\/TAAMPC-2025.2026-Egas-Moniz-Reg.pdf\" target=\"_new\" rel=\"noopener\">Regulamento \u2197<\/a><\/strong><\/p>\n<p><strong>Locais de partida\/chegada:<\/strong> Escola Superior de Sa\u00fade Egas Moniz, Monte de Caparica<\/p>\n<p><strong>Hor\u00e1rios de partida por categoria\/dist\u00e2ncia:<\/strong><br \/>\n\u2022 Benjamins A (200 m): 09h30<br \/>\n\u2022 Benjamins B (600 m): 09h35<br \/>\n\u2022 Seniores e Veteranos (7.000 m): 09h45<br \/>\n\u2022 Juvenis e Juniores (3.000 m): 11h00<br \/>\n\u2022 Iniciados (1.700 m): 11h20<br \/>\n\u2022 Infantis (1.000 m): 11h35<\/p>\n<p><strong>Percursos da prova:<\/strong><br \/>\n\u2022 Benjamins A e B: Partida e chegada na Escola Superior de Sa\u00fade Egas Moniz<br \/>\n\u2022 Infantis: Rua do Joinal, Rua do Facho, regresso pelo mesmo percurso<br \/>\n\u2022 Iniciados: Rua do Joinal, Rua do Facho, Fomega, contorno do viaduto, regresso pelo mesmo percurso<br \/>\n\u2022 Juvenis e Juniores: Rua do Joinal, Rua do Facho, Fomega por baixo do viaduto, Rua da Bela Vista, Rua Eleut\u00e9rio Teixeira, regresso pelo mesmo percurso<br \/>\n\u2022 Seniores, Veteranos e Juniores (M): Percurso urbano complexo incluindo Campus Egas Moniz, Rua do Joinal, Rua do Facho, Rua das Quintas, Rua Eleut\u00e9rio Teixeira, Av. Timor Lorosae, rotundas N377-1, Campus FCT-UNL, Rua Alfredo Cunha, Rua dos Trabalhadores Rurais, Rua da Granja<\/p>\n<p><strong>Escal\u00f5es\/categorias:<\/strong><br \/>\n\u2022 Benjamins A (2017-2019)<br \/>\n\u2022 Benjamins B (2015-2016)<br \/>\n\u2022 Infantis (2013-2014)<br \/>\n\u2022 Iniciados (2011-2012)<br \/>\n\u2022 Juvenis (2009-2010)<br \/>\n\u2022 Juniores (2007-2008)<br \/>\n\u2022 Seniores (1992-2006)<br \/>\n\u2022 Veteranos I a VIII (v\u00e1rios anos de nascimento)<br \/>\n\u2022 Veteranas I a IV (v\u00e1rios anos de nascimento)<br \/>\n\u2022 Desporto Adaptado (categoria \u00fanica masculino e feminino)<\/p>\n<p><strong>Pr\u00e9mios:<\/strong> Trof\u00e9us para vencedores absolutos e para os 3 primeiros de cada escal\u00e3o; medalhas para 4\u00ba e 5\u00ba classificados de todos os escal\u00f5es<\/p>\n<p><strong>Levantamento de dorsais (data\/hora e local):<\/strong> No dia do evento das 08h00 \u00e0s 09h00 no Espa\u00e7o do Secretariado<\/p>\n","race_benefits":"","event_faq_headline":"FAQ","event_faq_items":false,"event_date_start":"20260524","event_date_end":"20260524","event_start_time":"","event_country":"portugal","event_ticket_url":"https:\/\/tatletismo-almada.pt\/index.php\/trofeu\/8a-prova-25-26\/","event_latitude":"38.6666","event_longitude":"-9.1999","event_rating":"","is_hot_event":false,"event_participants_count":"0","organizer_avatar":false,"event_gallery":false,"purchasing_all_variations_through_woocommerce":false,"optional_extras":false,"organizer_website":{"title":"","url":"","target":"","0":""}},"_links":{"self":[{"href":"https:\/\/racefinder.pt\/pt\/wp-json\/wp\/v2\/product\/44924","targetHints":{"allow":["GET"]}}],"collection":[{"href":"https:\/\/racefinder.pt\/pt\/wp-json\/wp\/v2\/product"}],"about":[{"href":"https:\/\/racefinder.pt\/pt\/wp-json\/wp\/v2\/types\/product"}],"replies":[{"embeddable":true,"href":"https:\/\/racefinder.pt\/pt\/wp-json\/wp\/v2\/comments?post=44924"}],"version-history":[{"count":1,"href":"https:\/\/racefinder.pt\/pt\/wp-json\/wp\/v2\/product\/44924\/revisions"}],"predecessor-version":[{"id":44925,"href":"https:\/\/racefinder.pt\/pt\/wp-json\/wp\/v2\/product\/44924\/revisions\/44925"}],"wp:featuredmedia":[{"embeddable":true,"href":"https:\/\/racefinder.pt\/pt\/wp-json\/wp\/v2\/media\/45157"}],"wp:attachment":[{"href":"https:\/\/racefinder.pt\/pt\/wp-json\/wp\/v2\/media?parent=44924"}],"wp:term":[{"taxonomy":"product_brand","embeddable":true,"href":"https:\/\/racefinder.pt\/pt\/wp-json\/wp\/v2\/product_brand?post=44924"},{"taxonomy":"product_cat","embeddable":true,"href":"https:\/\/racefinder.pt\/pt\/wp-json\/wp\/v2\/product_cat?post=44924"},{"taxonomy":"product_tag","embeddable":true,"href":"https:\/\/racefinder.pt\/pt\/wp-json\/wp\/v2\/product_tag?post=44924"}],"curies":[{"name":"wp","href":"https:\/\/api.w.org\/{rel}","templated":true}]}}

3ª Corrida Egas Moniz

<p>A 3ª Corrida Egas Moniz realizar-se-á a 24 de maio de 2026, no Campus da Escola Superior de Saúde Egas Moniz, Monte de Caparica, Portugal. Esta prova integra o Troféu de Atletismo Almada “Mário Pinto Claro” 2025/2026.</p>
<p>As distâncias variam entre 200 metros para as categorias mais jovens até 7.000 metros para seniores e veteranos, com várias categorias etárias para ambos os sexos, incluindo desporto adaptado. A prova está aberta a todos os atletas, independentemente da filiação a clubes.</p>
<p>O evento oferece uma atmosfera competitiva com classificações individuais e coletivas, troféus para os vencedores e medalhas para os primeiros classificados de cada escalão, constituindo uma competição completa para todas as idades e níveis.</p>

<p><strong><a class="" href="https://tatletismo-almada.pt/wp-content/uploads/2026/03/TAAMPC-2025.2026-Egas-Moniz-Reg.pdf" target="_new" rel="noopener">Regulamento ↗</a></strong></p>
<p><strong>Locais de partida/chegada:</strong> Escola Superior de Saúde Egas Moniz, Monte de Caparica</p>
<p><strong>Horários de partida por categoria/distância:</strong><br />
• Benjamins A (200 m): 09h30<br />
• Benjamins B (600 m): 09h35<br />
• Seniores e Veteranos (7.000 m): 09h45<br />
• Juvenis e Juniores (3.000 m): 11h00<br />
• Iniciados (1.700 m): 11h20<br />
• Infantis (1.000 m): 11h35</p>
<p><strong>Percursos da prova:</strong><br />
• Benjamins A e B: Partida e chegada na Escola Superior de Saúde Egas Moniz<br />
• Infantis: Rua do Joinal, Rua do Facho, regresso pelo mesmo percurso<br />
• Iniciados: Rua do Joinal, Rua do Facho, Fomega, contorno do viaduto, regresso pelo mesmo percurso<br />
• Juvenis e Juniores: Rua do Joinal, Rua do Facho, Fomega por baixo do viaduto, Rua da Bela Vista, Rua Eleutério Teixeira, regresso pelo mesmo percurso<br />
• Seniores, Veteranos e Juniores (M): Percurso urbano complexo incluindo Campus Egas Moniz, Rua do Joinal, Rua do Facho, Rua das Quintas, Rua Eleutério Teixeira, Av. Timor Lorosae, rotundas N377-1, Campus FCT-UNL, Rua Alfredo Cunha, Rua dos Trabalhadores Rurais, Rua da Granja</p>
<p><strong>Escalões/categorias:</strong><br />
• Benjamins A (2017-2019)<br />
• Benjamins B (2015-2016)<br />
• Infantis (2013-2014)<br />
• Iniciados (2011-2012)<br />
• Juvenis (2009-2010)<br />
• Juniores (2007-2008)<br />
• Seniores (1992-2006)<br />
• Veteranos I a VIII (vários anos de nascimento)<br />
• Veteranas I a IV (vários anos de nascimento)<br />
• Desporto Adaptado (categoria única masculino e feminino)</p>
<p><strong>Prémios:</strong> Troféus para vencedores absolutos e para os 3 primeiros de cada escalão; medalhas para 4º e 5º classificados de todos os escalões</p>
<p><strong>Levantamento de dorsais (data/hora e local):</strong> No dia do evento das 08h00 às 09h00 no Espaço do Secretariado</p>
