{"id":44760,"date":"2026-04-18T00:33:25","date_gmt":"2026-04-17T23:33:25","guid":{"rendered":"https:\/\/racefinder.pt\/?post_type=product&#038;p=44760"},"modified":"2026-04-20T15:22:36","modified_gmt":"2026-04-20T14:22:36","slug":"campeonatos-nacionais-de-meia-maratona-veteranos-e-adaptado","status":"publish","type":"product","link":"https:\/\/racefinder.pt\/pt\/event\/campeonatos-nacionais-de-meia-maratona-veteranos-e-adaptado\/","title":{"rendered":"Campeonatos Nacionais de Meia Maratona &#8211; Veteranos e Adaptado"},"content":{"rendered":"","protected":false},"excerpt":{"rendered":"","protected":false},"featured_media":45186,"comment_status":"open","ping_status":"closed","template":"","meta":{"_acf_changed":false,"footnotes":""},"product_brand":[],"product_cat":[129,244],"product_tag":[],"class_list":{"0":"post-44760","1":"product","2":"type-product","3":"status-publish","4":"has-post-thumbnail","6":"product_cat-corrida","7":"product_cat-meia-maratona","9":"first","10":"instock","11":"shipping-taxable","12":"purchasable","13":"product-type-variable"},"acf":{"event_location_text":"Aveiro","event_short_description":"<p>Os Campeonatos Nacionais de Meia Maratona para Veteranos e Adaptados realizam-se a 26 de abril de 2026, em Aveiro, Portugal. O evento decorre em simult\u00e2neo com a Meia Maratona integrada na Maratona da Europa.<\/p>\n<p>A prova \u00e9 aberta a atletas veteranos com idade igual ou superior a 35 anos, com escal\u00f5es definidos pela WA\/WMA e pelo regulamento da Federa\u00e7\u00e3o Portuguesa de Atletismo. A participa\u00e7\u00e3o inclui atletas portugueses e estrangeiros sob condi\u00e7\u00f5es espec\u00edficas de filia\u00e7\u00e3o, com restri\u00e7\u00f5es quanto ao t\u00edtulo para atletas estrangeiros.<\/p>\n<p>A competi\u00e7\u00e3o apresenta uma \u00fanica dist\u00e2ncia de meia maratona com partida no Centro de Congressos de Aveiro, sendo atribu\u00eddas medalhas aos tr\u00eas primeiros atletas portugueses em cada escal\u00e3o de veteranos e adaptados, por g\u00e9nero.<\/p>\n","organizer_description":"<p><strong><a class=\"\" href=\"https:\/\/fpaportalonline.blob.core.windows.net\/portalfpa-public\/2026\/03\/Reg_ES_2026_CP-Meia_Maratona_Veteranos-e-Adaptado.pdf\" target=\"_new\" rel=\"noopener\">Regulamento \u2197<\/a><\/strong><\/p>\n<p><strong>Locais de partida\/chegada:<\/strong> Partida no Centro de Congressos de Aveiro<\/p>\n<p><strong>Hor\u00e1rios de partida por categoria\/dist\u00e2ncia:<\/strong> 08:00 para todas as categorias (Veteranos e Adaptado)<\/p>\n<p><strong>Prazo de inscri\u00e7\u00e3o:<\/strong> 20 de abril de 2026 \u00e0s 23:59<\/p>\n<p><strong>Levantamento de dorsais (data\/hora e local):<\/strong> 25 de abril de 2026, das 10:00 \u00e0s 19:00, no Centro de Congressos de Aveiro<\/p>\n<p><strong>Pr\u00e9mios:<\/strong> Medalhas para os tr\u00eas primeiros atletas portugueses nos escal\u00f5es Veteranos e Adaptado, por g\u00e9nero<\/p>\n<p><strong>Escal\u00f5es\/categorias:<\/strong><br \/>\n\u2022 Veteranos: atletas com 35 anos ou mais, conforme escal\u00f5es WA\/WMA<br \/>\n\u2022 Adaptado: escal\u00f5es do Sub-20 ao Master<\/p>\n","race_benefits":"","event_faq_headline":"FAQ","event_faq_items":false,"event_start_time":"","event_country":"portugal","event_ticket_url":"https:\/\/beta.fpacompeticoes.pt\/inscriptions\/5928?index","event_latitude":"40.6344","event_longitude":"-8.632","event_date_start":"20260426","event_date_end":"20260426","event_rating":"","is_hot_event":false,"event_participants_count":"0","organizer_avatar":false,"event_gallery":false,"purchasing_all_variations_through_woocommerce":false,"optional_extras":false,"organizer_website":{"title":"","url":"","target":"","0":""}},"_links":{"self":[{"href":"https:\/\/racefinder.pt\/pt\/wp-json\/wp\/v2\/product\/44760","targetHints":{"allow":["GET"]}}],"collection":[{"href":"https:\/\/racefinder.pt\/pt\/wp-json\/wp\/v2\/product"}],"about":[{"href":"https:\/\/racefinder.pt\/pt\/wp-json\/wp\/v2\/types\/product"}],"replies":[{"embeddable":true,"href":"https:\/\/racefinder.pt\/pt\/wp-json\/wp\/v2\/comments?post=44760"}],"version-history":[{"count":2,"href":"https:\/\/racefinder.pt\/pt\/wp-json\/wp\/v2\/product\/44760\/revisions"}],"predecessor-version":[{"id":45205,"href":"https:\/\/racefinder.pt\/pt\/wp-json\/wp\/v2\/product\/44760\/revisions\/45205"}],"wp:featuredmedia":[{"embeddable":true,"href":"https:\/\/racefinder.pt\/pt\/wp-json\/wp\/v2\/media\/45186"}],"wp:attachment":[{"href":"https:\/\/racefinder.pt\/pt\/wp-json\/wp\/v2\/media?parent=44760"}],"wp:term":[{"taxonomy":"product_brand","embeddable":true,"href":"https:\/\/racefinder.pt\/pt\/wp-json\/wp\/v2\/product_brand?post=44760"},{"taxonomy":"product_cat","embeddable":true,"href":"https:\/\/racefinder.pt\/pt\/wp-json\/wp\/v2\/product_cat?post=44760"},{"taxonomy":"product_tag","embeddable":true,"href":"https:\/\/racefinder.pt\/pt\/wp-json\/wp\/v2\/product_tag?post=44760"}],"curies":[{"name":"wp","href":"https:\/\/api.w.org\/{rel}","templated":true}]}}

<p>Os Campeonatos Nacionais de Meia Maratona para Veteranos e Adaptados realizam-se a 26 de abril de 2026, em Aveiro, Portugal. O evento decorre em simultâneo com a Meia Maratona integrada na Maratona da Europa.</p>
<p>A prova é aberta a atletas veteranos com idade igual ou superior a 35 anos, com escalões definidos pela WA/WMA e pelo regulamento da Federação Portuguesa de Atletismo. A participação inclui atletas portugueses e estrangeiros sob condições específicas de filiação, com restrições quanto ao título para atletas estrangeiros.</p>
<p>A competição apresenta uma única distância de meia maratona com partida no Centro de Congressos de Aveiro, sendo atribuídas medalhas aos três primeiros atletas portugueses em cada escalão de veteranos e adaptados, por género.</p>

<p><strong><a class="" href="https://fpaportalonline.blob.core.windows.net/portalfpa-public/2026/03/Reg_ES_2026_CP-Meia_Maratona_Veteranos-e-Adaptado.pdf" target="_new" rel="noopener">Regulamento ↗</a></strong></p>
<p><strong>Locais de partida/chegada:</strong> Partida no Centro de Congressos de Aveiro</p>
<p><strong>Horários de partida por categoria/distância:</strong> 08:00 para todas as categorias (Veteranos e Adaptado)</p>
<p><strong>Prazo de inscrição:</strong> 20 de abril de 2026 às 23:59</p>
<p><strong>Levantamento de dorsais (data/hora e local):</strong> 25 de abril de 2026, das 10:00 às 19:00, no Centro de Congressos de Aveiro</p>
<p><strong>Prémios:</strong> Medalhas para os três primeiros atletas portugueses nos escalões Veteranos e Adaptado, por género</p>
<p><strong>Escalões/categorias:</strong><br />
• Veteranos: atletas com 35 anos ou mais, conforme escalões WA/WMA<br />
• Adaptado: escalões do Sub-20 ao Master</p>
