{"id":43314,"date":"2026-04-14T00:34:23","date_gmt":"2026-04-13T23:34:23","guid":{"rendered":"https:\/\/racefinder.pt\/?post_type=product&#038;p=43314"},"modified":"2026-04-14T11:39:08","modified_gmt":"2026-04-14T10:39:08","slug":"4a-maratona-btt-terras-de-mira","status":"publish","type":"product","link":"https:\/\/racefinder.pt\/pt\/event\/4a-maratona-btt-terras-de-mira\/","title":{"rendered":"4\u00aa Maratona BTT Terras de Mira"},"content":{"rendered":"","protected":false},"excerpt":{"rendered":"","protected":false},"featured_media":43795,"comment_status":"open","ping_status":"closed","template":"","meta":{"_acf_changed":false,"footnotes":""},"product_brand":[],"product_cat":[193,130],"product_tag":[],"class_list":{"0":"post-43314","1":"product","2":"type-product","3":"status-publish","4":"has-post-thumbnail","6":"product_cat-btt-pt-2","7":"product_cat-ciclismo","9":"first","10":"instock","11":"shipping-taxable","12":"purchasable","13":"product-type-variable"},"acf":{"event_location_text":"Santa Clara a Velha, Beja","event_short_description":"<p>A 4\u00aa Maratona BTT Terras de Mira \u00e9 um evento l\u00fadico\/desportivo n\u00e3o competitivo que se realiza a 19 de abril de 2026 em Santa Clara a Velha, Beja. Oferece tr\u00eas percursos marcados de 30 km, 45 km e 60 km, que permitem conhecer os trilhos e as paisagens do concelho de Odemira.<\/p>\n<p>Aberto a indiv\u00edduos de ambos os sexos em boa sa\u00fade, incluindo coletividades, organiza\u00e7\u00f5es e empresas, com andamento livre privilegiando o conv\u00edvio e lazer. Participantes menores de 18 anos devem apresentar termo de responsabilidade dos pais ou encarregados de educa\u00e7\u00e3o. O evento conta com o apoio do Munic\u00edpio de Odemira e da Freguesia de Santa Clara a Velha, promovendo um ambiente amig\u00e1vel e inclusivo.<\/p>\n","organizer_description":"<p><strong><a class=\"\" href=\"https:\/\/assets.apedalar.pt\/media\/8959\/69a97597cee38_Regulamento.pdf\" target=\"_new\" rel=\"noopener\">Regulamento \u2197<\/a><\/strong><\/p>\n<p><strong>Locais de partida\/chegada:<\/strong> Campo de Futebol em Santa Clara a Velha<\/p>\n<p><strong>Hor\u00e1rios de partida por categoria\/dist\u00e2ncia:<\/strong> 09:00<\/p>\n<p><strong>Levantamento de dorsais (data\/hora e local):<\/strong> Secretariado abre \u00e0s 7h30 no pavilh\u00e3o junto ao campo de futebol<\/p>\n<p><strong>Limite de participantes:<\/strong> 200<\/p>\n<p><strong>Tipos de piso:<\/strong> Trilhos marcados com fitas e marca\u00e7\u00f5es com cal<\/p>\n<p><strong>Percursos da prova:<\/strong><br \/>\n\u2022 N\u00edvel 1 &#8211; 30 km<br \/>\n\u2022 N\u00edvel 2 &#8211; 45 km<br \/>\n\u2022 N\u00edvel 3 &#8211; 60 km<\/p>\n<p><strong>WC e localiza\u00e7\u00e3o dos abastecimentos:<\/strong> Banhos e WC no campo de futebol; v\u00e1rias zonas de abastecimento l\u00edquido e s\u00f3lido ao longo dos percursos<\/p>\n<p><strong>Estacionamento e shuttles:<\/strong> Estacionamento no campo de futebol<\/p>\n<p><strong>Pr\u00e9mios:<\/strong> Lembran\u00e7a inclu\u00edda na inscri\u00e7\u00e3o<\/p>\n<p><strong>M\u00e9todo de cronometragem:<\/strong> Evento n\u00e3o competitivo, andamento livre<\/p>\n","race_benefits":"<p>\ud83c\udfbd Kit do atleta: dorsal, lembran\u00e7a<br \/>\n\ud83e\udd64 Abastecimentos: v\u00e1rias zonas com l\u00edquidos e s\u00f3lidos ao longo dos percursos<br \/>\n\ud83d\udebf Duches e WC dispon\u00edveis no campo de futebol<br \/>\n\ud83d\udee1\ufe0f Seguro: inclu\u00eddo na inscri\u00e7\u00e3o<br \/>\n\ud83e\uddf3 Lavagem de bicicletas<br \/>\n\ud83c\udfbd Pequeno-almo\u00e7o e almo\u00e7o inclu\u00eddos<\/p>\n","event_faq_headline":"FAQ","event_faq_items":[{"item_title":"Como chegar ao evento?","item_description":"O evento realiza-se no Campo de Futebol em Santa Clara a Velha, onde h\u00e1 estacionamento dispon\u00edvel."},{"item_title":"As crian\u00e7as podem participar?","item_description":"Menores de 18 anos podem participar mediante entrega de termo de responsabilidade dos pais ou encarregados no levantamento do dorsal."},{"item_title":"Como fa\u00e7o a inscri\u00e7\u00e3o?","item_description":"As inscri\u00e7\u00f5es s\u00e3o feitas online no site http:\/\/apedalar.pt com taxa de 13\u20ac."},{"item_title":"O evento \u00e9 competitivo?","item_description":"N\u00e3o, \u00e9 um evento n\u00e3o competitivo com andamento livre."},{"item_title":"\u00c9 obrigat\u00f3rio o uso de capacete?","item_description":"Sim, o uso de capacete \u00e9 obrigat\u00f3rio para todos os participantes."}],"event_date_start":"20260607","event_date_end":"20260607","event_start_time":"","event_country":"portugal","event_ticket_url":"https:\/\/apedalar.pt\/eventos\/4256\/info","event_latitude":"37.5126","event_longitude":"-8.4753","event_rating":"","is_hot_event":false,"event_participants_count":"0","organizer_avatar":false,"event_gallery":false,"purchasing_all_variations_through_woocommerce":false,"optional_extras":false,"organizer_website":{"title":"","url":"","target":"","0":""}},"_links":{"self":[{"href":"https:\/\/racefinder.pt\/pt\/wp-json\/wp\/v2\/product\/43314","targetHints":{"allow":["GET"]}}],"collection":[{"href":"https:\/\/racefinder.pt\/pt\/wp-json\/wp\/v2\/product"}],"about":[{"href":"https:\/\/racefinder.pt\/pt\/wp-json\/wp\/v2\/types\/product"}],"replies":[{"embeddable":true,"href":"https:\/\/racefinder.pt\/pt\/wp-json\/wp\/v2\/comments?post=43314"}],"version-history":[{"count":1,"href":"https:\/\/racefinder.pt\/pt\/wp-json\/wp\/v2\/product\/43314\/revisions"}],"predecessor-version":[{"id":43315,"href":"https:\/\/racefinder.pt\/pt\/wp-json\/wp\/v2\/product\/43314\/revisions\/43315"}],"wp:featuredmedia":[{"embeddable":true,"href":"https:\/\/racefinder.pt\/pt\/wp-json\/wp\/v2\/media\/43795"}],"wp:attachment":[{"href":"https:\/\/racefinder.pt\/pt\/wp-json\/wp\/v2\/media?parent=43314"}],"wp:term":[{"taxonomy":"product_brand","embeddable":true,"href":"https:\/\/racefinder.pt\/pt\/wp-json\/wp\/v2\/product_brand?post=43314"},{"taxonomy":"product_cat","embeddable":true,"href":"https:\/\/racefinder.pt\/pt\/wp-json\/wp\/v2\/product_cat?post=43314"},{"taxonomy":"product_tag","embeddable":true,"href":"https:\/\/racefinder.pt\/pt\/wp-json\/wp\/v2\/product_tag?post=43314"}],"curies":[{"name":"wp","href":"https:\/\/api.w.org\/{rel}","templated":true}]}}

4ª Maratona BTT Terras de Mira

<p>A 4ª Maratona BTT Terras de Mira é um evento lúdico/desportivo não competitivo que se realiza a 19 de abril de 2026 em Santa Clara a Velha, Beja. Oferece três percursos marcados de 30 km, 45 km e 60 km, que permitem conhecer os trilhos e as paisagens do concelho de Odemira.</p>
<p>Aberto a indivíduos de ambos os sexos em boa saúde, incluindo coletividades, organizações e empresas, com andamento livre privilegiando o convívio e lazer. Participantes menores de 18 anos devem apresentar termo de responsabilidade dos pais ou encarregados de educação. O evento conta com o apoio do Município de Odemira e da Freguesia de Santa Clara a Velha, promovendo um ambiente amigável e inclusivo.</p>

<p><strong><a class="" href="https://assets.apedalar.pt/media/8959/69a97597cee38_Regulamento.pdf" target="_new" rel="noopener">Regulamento ↗</a></strong></p>
<p><strong>Locais de partida/chegada:</strong> Campo de Futebol em Santa Clara a Velha</p>
<p><strong>Horários de partida por categoria/distância:</strong> 09:00</p>
<p><strong>Levantamento de dorsais (data/hora e local):</strong> Secretariado abre às 7h30 no pavilhão junto ao campo de futebol</p>
<p><strong>Limite de participantes:</strong> 200</p>
<p><strong>Tipos de piso:</strong> Trilhos marcados com fitas e marcações com cal</p>
<p><strong>Percursos da prova:</strong><br />
• Nível 1 &#8211; 30 km<br />
• Nível 2 &#8211; 45 km<br />
• Nível 3 &#8211; 60 km</p>
<p><strong>WC e localização dos abastecimentos:</strong> Banhos e WC no campo de futebol; várias zonas de abastecimento líquido e sólido ao longo dos percursos</p>
<p><strong>Estacionamento e shuttles:</strong> Estacionamento no campo de futebol</p>
<p><strong>Prémios:</strong> Lembrança incluída na inscrição</p>
<p><strong>Método de cronometragem:</strong> Evento não competitivo, andamento livre</p>

<p>🎽 Kit do atleta: dorsal, lembrança<br />
🥤 Abastecimentos: várias zonas com líquidos e sólidos ao longo dos percursos<br />
🚿 Duches e WC disponíveis no campo de futebol<br />
🛡️ Seguro: incluído na inscrição<br />
🧳 Lavagem de bicicletas<br />
🎽 Pequeno-almoço e almoço incluídos</p>

O evento realiza-se no Campo de Futebol em Santa Clara a Velha, onde há estacionamento disponível.

As crianças podem participar?

Como faço a inscrição?

As inscrições são feitas online no site http://apedalar.pt com taxa de 13€.

O evento é competitivo?

Não, é um evento não competitivo com andamento livre.

É obrigatório o uso de capacete?

Sim, o uso de capacete é obrigatório para todos os participantes.
