{"id":35355,"date":"2026-03-02T23:45:00","date_gmt":"2026-03-02T23:45:00","guid":{"rendered":"https:\/\/racefinder.pt\/?post_type=product&#038;p=35355"},"modified":"2026-03-04T16:07:26","modified_gmt":"2026-03-04T16:07:26","slug":"ii-resistencia-augusto-manuel-carneiro-pereir","status":"publish","type":"product","link":"https:\/\/racefinder.pt\/pt\/event\/ii-resistencia-augusto-manuel-carneiro-pereir\/","title":{"rendered":"II Resist\u00eancia Augusto Manuel Carneiro Pereir"},"content":{"rendered":"","protected":false},"excerpt":{"rendered":"","protected":false},"featured_media":35724,"comment_status":"open","ping_status":"closed","template":"","meta":{"_acf_changed":false,"footnotes":""},"product_brand":[],"product_cat":[193,130,214],"product_tag":[],"class_list":{"0":"post-35355","1":"product","2":"type-product","3":"status-publish","4":"has-post-thumbnail","6":"product_cat-btt-pt-2","7":"product_cat-ciclismo","8":"product_cat-e-bike-pt","10":"first","11":"instock","12":"shipping-taxable","13":"purchasable","14":"product-type-variable"},"acf":{"event_location_text":"Lisboa","event_short_description":"<p>O II Trof\u00e9u Resist\u00eancia BTT de Alenquer \u2013 Inter Freguesias \u00e9 uma s\u00e9rie de provas de resist\u00eancia em bicicleta de montanha realizadas em v\u00e1rias localidades do concelho de Alenquer ao longo de 2026. A sexta prova est\u00e1 marcada para 5 de setembro de 2026, em Abrigada.<\/p>\n<p>As provas t\u00eam formato de resist\u00eancia de 2 horas em percursos de 4 a 7 km, maioritariamente em caminhos de terra batida e single-tracks. A competi\u00e7\u00e3o est\u00e1 aberta a todos os atletas com 16 anos ou mais, federados ou n\u00e3o, sem necessidade de licen\u00e7a desportiva.<\/p>\n<p>Esta s\u00e9rie promove o ciclismo local, envolvendo v\u00e1rias associa\u00e7\u00f5es e coletividades das freguesias, com categorias masculinas, femininas e para e-bikes em diferentes faixas et\u00e1rias. O evento incentiva o envolvimento comunit\u00e1rio e o esp\u00edrito competitivo em cen\u00e1rios naturais.<\/p>\n","organizer_description":"<p><strong><a class=\"\" href=\"https:\/\/assets.apedalar.pt\/media\/8876\/69a035b0363a2_Normas.pdf\" target=\"_new\" rel=\"noopener\">Regulamento \u2197<\/a><\/strong><\/p>\n<p><strong>Locais de partida\/chegada:<\/strong> V\u00e1rias localidades no concelho de Alenquer incluindo Ota, Pa\u00fala, Pocari\u00e7a, Ribafria, Atalaia, Abrigada, Chegan\u00e7as, Cabanas do Ch\u00e3o e Alenquer<\/p>\n<p><strong>Hor\u00e1rios de partida por categoria\/dist\u00e2ncia:<\/strong> Cada prova tem dura\u00e7\u00e3o de 2 horas de resist\u00eancia<\/p>\n<p><strong>Limite de participantes:<\/strong> M\u00e1ximo de 300 participantes por prova<\/p>\n<p><strong>Prazo de inscri\u00e7\u00e3o:<\/strong> Definido na plataforma de inscri\u00e7\u00f5es para cada prova<\/p>\n<p><strong>Tipos de piso:<\/strong> Maioritariamente caminhos de terra batida e single-tracks<\/p>\n<p><strong>Formato do percurso:<\/strong> Circuitos de 4 a 7 km com 2 horas de resist\u00eancia<\/p>\n<p><strong>Percursos da prova:<\/strong> Definidos e marcados por cada associa\u00e7\u00e3o organizadora<\/p>\n<p><strong>M\u00e9todo de cronometragem:<\/strong> Cronometragem eletr\u00f3nica por chip inclu\u00edda no kit do participante<\/p>\n<p><strong>WC e localiza\u00e7\u00e3o dos abastecimentos:<\/strong> Um ponto de assist\u00eancia por percurso, assist\u00eancia mec\u00e2nica apenas nesse ponto; abastecimento externo permitido apenas em locais assinalados do lado direito do percurso<\/p>\n<p><strong>Levantamento de dorsais (data\/hora e local):<\/strong> No dia da prova, come\u00e7ando 2 horas antes do in\u00edcio at\u00e9 30 minutos antes, no secretariado da prova<\/p>\n<p><strong>Pr\u00e9mios:<\/strong> Trof\u00e9us para os tr\u00eas primeiros de cada escal\u00e3o por prova, entregues em cerim\u00f3nias de p\u00f3dio<\/p>\n","race_benefits":"<p>\ud83c\udfbd Kit do atleta: inclui dorsal com chip eletr\u00f3nico, bra\u00e7adeiras, seguro de atleta, brindes de participa\u00e7\u00e3o e abastecimento<br \/>\n\ud83d\udee1\ufe0f Seguro: seguro de acidentes pessoais e responsabilidade civil inclu\u00eddo, com franquia suportada pelo participante<br \/>\n\ud83e\udd64 Abastecimentos: dispon\u00edveis em pontos designados no percurso<br \/>\n\ud83c\udfc6 Trof\u00e9us: entregues aos tr\u00eas primeiros classificados de cada escal\u00e3o por prova<\/p>\n","event_faq_headline":"FAQ","event_faq_items":[{"item_title":"As crian\u00e7as podem participar?","item_description":"A participa\u00e7\u00e3o \u00e9 permitida a partir dos 16 anos no dia da prova. Menores de 18 anos devem apresentar termo de responsabilidade assinado pelos respons\u00e1veis legais."},{"item_title":"Como fa\u00e7o a inscri\u00e7\u00e3o?","item_description":"A inscri\u00e7\u00e3o \u00e9 realizada atrav\u00e9s de plataforma online definida pela entidade organizadora. O pagamento deve ser efetuado para confirma\u00e7\u00e3o da inscri\u00e7\u00e3o."},{"item_title":"Que tipo de bicicletas s\u00e3o permitidas?","item_description":"Apenas bicicletas de montanha s\u00e3o permitidas. Bicicletas de estrada, ciclocross ou gravel s\u00e3o proibidas."},{"item_title":"\u00c9 necess\u00e1ria licen\u00e7a desportiva?","item_description":"N\u00e3o, o evento est\u00e1 aberto a atletas federados e n\u00e3o federados."},{"item_title":"Qual o equipamento obrigat\u00f3rio?","item_description":"\u00c9 obrigat\u00f3rio o uso de capacete de ciclismo, equipamento adequado e a placa identificativa na frente da bicicleta."}],"event_date_start":"20260905","event_date_end":"20260905","event_start_time":"","event_country":"portugal","event_ticket_url":"https:\/\/apedalar.pt\/eventos\/4241\/info","event_latitude":"39.145","event_longitude":"-9.0206","event_rating":"","is_hot_event":false,"event_participants_count":"0","organizer_avatar":false,"event_gallery":false,"purchasing_all_variations_through_woocommerce":false,"organizer_website":{"title":"","url":"","target":"","0":""}},"_links":{"self":[{"href":"https:\/\/racefinder.pt\/pt\/wp-json\/wp\/v2\/product\/35355","targetHints":{"allow":["GET"]}}],"collection":[{"href":"https:\/\/racefinder.pt\/pt\/wp-json\/wp\/v2\/product"}],"about":[{"href":"https:\/\/racefinder.pt\/pt\/wp-json\/wp\/v2\/types\/product"}],"replies":[{"embeddable":true,"href":"https:\/\/racefinder.pt\/pt\/wp-json\/wp\/v2\/comments?post=35355"}],"version-history":[{"count":1,"href":"https:\/\/racefinder.pt\/pt\/wp-json\/wp\/v2\/product\/35355\/revisions"}],"predecessor-version":[{"id":35356,"href":"https:\/\/racefinder.pt\/pt\/wp-json\/wp\/v2\/product\/35355\/revisions\/35356"}],"wp:featuredmedia":[{"embeddable":true,"href":"https:\/\/racefinder.pt\/pt\/wp-json\/wp\/v2\/media\/35724"}],"wp:attachment":[{"href":"https:\/\/racefinder.pt\/pt\/wp-json\/wp\/v2\/media?parent=35355"}],"wp:term":[{"taxonomy":"product_brand","embeddable":true,"href":"https:\/\/racefinder.pt\/pt\/wp-json\/wp\/v2\/product_brand?post=35355"},{"taxonomy":"product_cat","embeddable":true,"href":"https:\/\/racefinder.pt\/pt\/wp-json\/wp\/v2\/product_cat?post=35355"},{"taxonomy":"product_tag","embeddable":true,"href":"https:\/\/racefinder.pt\/pt\/wp-json\/wp\/v2\/product_tag?post=35355"}],"curies":[{"name":"wp","href":"https:\/\/api.w.org\/{rel}","templated":true}]}}

II Resistência Augusto Manuel Carneiro Pereir

<p>O II Troféu Resistência BTT de Alenquer – Inter Freguesias é uma série de provas de resistência em bicicleta de montanha realizadas em várias localidades do concelho de Alenquer ao longo de 2026. A sexta prova está marcada para 5 de setembro de 2026, em Abrigada.</p>
<p>As provas têm formato de resistência de 2 horas em percursos de 4 a 7 km, maioritariamente em caminhos de terra batida e single-tracks. A competição está aberta a todos os atletas com 16 anos ou mais, federados ou não, sem necessidade de licença desportiva.</p>
<p>Esta série promove o ciclismo local, envolvendo várias associações e coletividades das freguesias, com categorias masculinas, femininas e para e-bikes em diferentes faixas etárias. O evento incentiva o envolvimento comunitário e o espírito competitivo em cenários naturais.</p>

<p><strong><a class="" href="https://assets.apedalar.pt/media/8876/69a035b0363a2_Normas.pdf" target="_new" rel="noopener">Regulamento ↗</a></strong></p>
<p><strong>Locais de partida/chegada:</strong> Várias localidades no concelho de Alenquer incluindo Ota, Paúla, Pocariça, Ribafria, Atalaia, Abrigada, Cheganças, Cabanas do Chão e Alenquer</p>
<p><strong>Horários de partida por categoria/distância:</strong> Cada prova tem duração de 2 horas de resistência</p>
<p><strong>Limite de participantes:</strong> Máximo de 300 participantes por prova</p>
<p><strong>Prazo de inscrição:</strong> Definido na plataforma de inscrições para cada prova</p>
<p><strong>Tipos de piso:</strong> Maioritariamente caminhos de terra batida e single-tracks</p>
<p><strong>Formato do percurso:</strong> Circuitos de 4 a 7 km com 2 horas de resistência</p>
<p><strong>Percursos da prova:</strong> Definidos e marcados por cada associação organizadora</p>
<p><strong>Método de cronometragem:</strong> Cronometragem eletrónica por chip incluída no kit do participante</p>
<p><strong>WC e localização dos abastecimentos:</strong> Um ponto de assistência por percurso, assistência mecânica apenas nesse ponto; abastecimento externo permitido apenas em locais assinalados do lado direito do percurso</p>
<p><strong>Levantamento de dorsais (data/hora e local):</strong> No dia da prova, começando 2 horas antes do início até 30 minutos antes, no secretariado da prova</p>
<p><strong>Prémios:</strong> Troféus para os três primeiros de cada escalão por prova, entregues em cerimónias de pódio</p>

<p>🎽 Kit do atleta: inclui dorsal com chip eletrónico, braçadeiras, seguro de atleta, brindes de participação e abastecimento<br />
🛡️ Seguro: seguro de acidentes pessoais e responsabilidade civil incluído, com franquia suportada pelo participante<br />
🥤 Abastecimentos: disponíveis em pontos designados no percurso<br />
🏆 Troféus: entregues aos três primeiros classificados de cada escalão por prova</p>

As crianças podem participar?

A participação é permitida a partir dos 16 anos no dia da prova. Menores de 18 anos devem apresentar termo de responsabilidade assinado pelos responsáveis legais.

Como faço a inscrição?

A inscrição é realizada através de plataforma online definida pela entidade organizadora. O pagamento deve ser efetuado para confirmação da inscrição.

Que tipo de bicicletas são permitidas?

Apenas bicicletas de montanha são permitidas. Bicicletas de estrada, ciclocross ou gravel são proibidas.

É necessária licença desportiva?

Não, o evento está aberto a atletas federados e não federados.

Qual o equipamento obrigatório?

É obrigatório o uso de capacete de ciclismo, equipamento adequado e a placa identificativa na frente da bicicleta.
