{"id":34170,"date":"2026-02-25T23:32:30","date_gmt":"2026-02-25T23:32:30","guid":{"rendered":"https:\/\/racefinder.pt\/?post_type=product&#038;p=34170"},"modified":"2026-02-26T11:56:45","modified_gmt":"2026-02-26T11:56:45","slug":"meia-maratona-do-porto-santo-campeonatos-regionais-de-meia-maratona","status":"publish","type":"product","link":"https:\/\/racefinder.pt\/pt\/event\/meia-maratona-do-porto-santo-campeonatos-regionais-de-meia-maratona\/","title":{"rendered":"Meia Maratona do Porto Santo \/ Campeonatos Regionais de Meia Maratona"},"content":{"rendered":"","protected":false},"excerpt":{"rendered":"","protected":false},"featured_media":34380,"comment_status":"open","ping_status":"closed","template":"","meta":{"_acf_changed":false,"footnotes":""},"product_brand":[],"product_cat":[129,225,244],"product_tag":[],"class_list":{"0":"post-34170","1":"product","2":"type-product","3":"status-publish","4":"has-post-thumbnail","6":"product_cat-corrida","7":"product_cat-10-km-pt","8":"product_cat-meia-maratona","10":"first","11":"instock","12":"shipping-taxable","13":"purchasable","14":"product-type-variable"},"acf":{"event_location_text":"Porto Santo","event_short_description":"<p>A Mini \/ Meia Maratona do Porto Santo realiza-se a 14 de mar\u00e7o de 2026, no Porto Santo. O evento inclui uma Mini Maratona com cerca de 10 km e uma Meia Maratona com extens\u00e3o exata de 21,0975 km.<\/p>\n<p>As provas s\u00e3o abertas a atletas federados e n\u00e3o federados de ambos os sexos, com escal\u00f5es para sub20, sub23, seniores e veteranos. Serve tamb\u00e9m como Campeonato Regional de Meia Maratona, premiando campe\u00f5es regionais individuais e coletivos.<\/p>\n<p>Os percursos t\u00eam partida e chegada na Avenida Manuel Greg\u00f3rio Pestana J\u00fanior, com rotas c\u00e9nicas ao longo da estrada marginal costeira e pontos de retorno fixos. S\u00e3o atribu\u00eddos pr\u00e9mios aos melhores classificados por escal\u00e3o e clubes, promovendo uma atmosfera competitiva e festiva.<\/p>\n","organizer_description":"<p><strong><a class=\"\" href=\"https:\/\/atletismodamadeira.pt\/wp-content\/uploads\/2026\/02\/E26-18_Meia_Maratona_Porto-Santo-1.pdf\" target=\"_new\" rel=\"noopener\">Regulamento \u2197<\/a><\/strong><\/p>\n<p><strong>Locais de partida\/chegada:<\/strong> Avenida Manuel Greg\u00f3rio Pestana J\u00fanior (Estrada Marginal), Porto Santo<\/p>\n<p><strong>Hor\u00e1rios de partida por categoria\/dist\u00e2ncia:<\/strong><br \/>\n\u2022 08:30 \u2013 Mini Maratona (cerca de 10 km) para sub20, sub23, seniores, veteranos (nascidos em 2008 ou antes)<br \/>\n\u2022 08:30 \u2013 Meia Maratona (21,0975 km) para sub23, seniores, veteranos (nascidos em 2006 ou antes)<\/p>\n<p><strong>Prazo de inscri\u00e7\u00e3o:<\/strong> 24 de fevereiro de 2026<\/p>\n<p><strong>Tipos de piso:<\/strong> Estrada ao longo da marginal costeira<\/p>\n<p><strong>Formato do percurso:<\/strong> Percurso de ida e volta com pontos de retorno fixos<\/p>\n<p><strong>Percursos da prova:<\/strong><br \/>\n\u2022 Mini Maratona: Partida na Avenida Manuel Greg\u00f3rio Pestana J\u00fanior, dire\u00e7\u00e3o \u00e0 Calheta, retorno no km 5, chegada no local da partida<br \/>\n\u2022 Meia Maratona: Partida na Avenida Manuel Greg\u00f3rio Pestana J\u00fanior, dire\u00e7\u00e3o \u00e0 Calheta com pontos de retorno fixos perto do restaurante e perto do Hotel Pestana, chegada no local da partida<\/p>\n<p><strong>M\u00e9todo de cronometragem:<\/strong> Uso obrigat\u00f3rio de dorsal com chip fornecido pela AARAM<\/p>\n<p><strong>Pr\u00e9mios:<\/strong><br \/>\n\u2022 Mini Maratona: tr\u00eas primeiros da geral e primeiro de cada escal\u00e3o (sub20, sub23, seniores, veteranos 35 a 70+)<br \/>\n\u2022 Campeonato Regional de Meia Maratona: tr\u00eas primeiros da geral, tr\u00eas primeiros por escal\u00e3o (sub23, seniores, veteranos 35 a 70+), tr\u00eas primeiros clubes<\/p>\n","race_benefits":"<div class=\"flex flex-col text-sm pb-25\">\n<article class=\"text-token-text-primary w-full focus:outline-none [--shadow-height:45px] has-data-writing-block:pointer-events-none has-data-writing-block:-mt-(--shadow-height) has-data-writing-block:pt-(--shadow-height) [&amp;:has([data-writing-block])&gt;*]:pointer-events-auto scroll-mt-[calc(var(--header-height)+min(200px,max(70px,20svh)))]\" dir=\"auto\" tabindex=\"-1\" data-turn-id=\"71f8de20-ec52-407b-bdc9-361d6e7c3229\" data-testid=\"conversation-turn-32\" data-scroll-anchor=\"true\" data-turn=\"assistant\">\n<div class=\"text-base my-auto mx-auto pb-10 [--thread-content-margin:--spacing(4)] @w-sm\/main:[--thread-content-margin:--spacing(6)] @w-lg\/main:[--thread-content-margin:--spacing(16)] px-(--thread-content-margin)\">\n<div class=\"[--thread-content-max-width:40rem] @w-lg\/main:[--thread-content-max-width:48rem] mx-auto max-w-(--thread-content-max-width) flex-1 group\/turn-messages focus-visible:outline-hidden relative flex w-full min-w-0 flex-col agent-turn\" tabindex=\"-1\">\n<div class=\"flex max-w-full flex-col grow\">\n<div class=\"min-h-8 text-message relative flex w-full flex-col items-end gap-2 text-start break-words whitespace-normal [.text-message+&amp;]:mt-1\" dir=\"auto\" data-message-author-role=\"assistant\" data-message-id=\"24c5a2ee-cbde-4342-856d-7571a83f7add\" data-message-model-slug=\"gpt-5-2\">\n<div class=\"flex w-full flex-col gap-1 empty:hidden first:pt-[1px]\">\n<div class=\"markdown prose dark:prose-invert w-full wrap-break-word dark markdown-new-styling\">\n<h1 data-start=\"0\" data-end=\"19\"><strong data-start=\"2\" data-end=\"19\">Race Benefits<\/strong><\/h1>\n<h2 data-start=\"21\" data-end=\"26\">EN<\/h2>\n<p data-start=\"27\" data-end=\"540\">\ud83c\udfbd Athlete kit: official race bib with electronic chip<br data-start=\"81\" data-end=\"84\" \/>\ud83d\udee1\ufe0f Insurance: personal accident insurance included for all participants<br data-start=\"156\" data-end=\"159\" \/>\u23f1\ufe0f Electronic timing with chip, according to FPA regulations<br data-start=\"219\" data-end=\"222\" \/>\ud83d\udedf Medical support and police supervision throughout the event<br data-start=\"284\" data-end=\"287\" \/>\ud83c\udfc6 Awards ceremony immediately after the races<br data-start=\"333\" data-end=\"336\" \/>\ud83e\udd47 Prizes \u2013 Mini Marathon: Top 3 overall and 1st place in each age group (per gender)<br data-start=\"421\" data-end=\"424\" \/>\ud83e\udd47 Prizes \u2013 Half Marathon \/ Regional Championship: Top 3 overall, Top 3 by age group, and Top 3 clubs (per gender)<\/p>\n<h2 data-start=\"542\" data-end=\"547\">PT<\/h2>\n<p data-start=\"548\" data-end=\"1095\" data-is-last-node=\"\" data-is-only-node=\"\">\ud83c\udfbd Kit do atleta: dorsal oficial com chip eletr\u00f3nico<br data-start=\"600\" data-end=\"603\" \/>\ud83d\udee1\ufe0f Seguro: seguro de acidentes pessoais inclu\u00eddo para todos os participantes<br data-start=\"680\" data-end=\"683\" \/>\u23f1\ufe0f Cronometragem eletr\u00f3nica com chip, de acordo com o regulamento da FPA<br data-start=\"755\" data-end=\"758\" \/>\ud83d\udedf Apoio m\u00e9dico e policiamento assegurados durante a prova<br data-start=\"816\" data-end=\"819\" \/>\ud83c\udfc6 Cerim\u00f3nia de entrega de pr\u00e9mios ap\u00f3s as provas<br data-start=\"868\" data-end=\"871\" \/>\ud83e\udd47 Pr\u00e9mios \u2013 Mini Maratona: 3 primeiros da geral e 1.\u00ba classificado de cada escal\u00e3o (por sexo)<br data-start=\"965\" data-end=\"968\" \/>\ud83e\udd47 Pr\u00e9mios \u2013 Meia Maratona \/ Campeonato Regional: 3 primeiros da geral, 3 primeiros por escal\u00e3o e 3 primeiros clubes (por sexo)<\/p>\n<\/div>\n<\/div>\n<\/div>\n<\/div>\n<\/div>\n<\/div>\n<\/article>\n<\/div>\n","event_faq_headline":"FAQ","event_faq_items":false,"event_date_start":"20260314","event_date_end":"20260314","event_start_time":"","event_country":"portugal","event_ticket_url":"https:\/\/beta.fpacompeticoes.pt\/competition\/5750\/schedule","event_latitude":"33.0601","event_longitude":"-16.334","event_rating":"","is_hot_event":false,"event_participants_count":"0","organizer_avatar":false,"event_gallery":false,"purchasing_all_variations_through_woocommerce":false,"organizer_website":{"title":"","url":"","target":"","0":""}},"_links":{"self":[{"href":"https:\/\/racefinder.pt\/pt\/wp-json\/wp\/v2\/product\/34170","targetHints":{"allow":["GET"]}}],"collection":[{"href":"https:\/\/racefinder.pt\/pt\/wp-json\/wp\/v2\/product"}],"about":[{"href":"https:\/\/racefinder.pt\/pt\/wp-json\/wp\/v2\/types\/product"}],"replies":[{"embeddable":true,"href":"https:\/\/racefinder.pt\/pt\/wp-json\/wp\/v2\/comments?post=34170"}],"version-history":[{"count":1,"href":"https:\/\/racefinder.pt\/pt\/wp-json\/wp\/v2\/product\/34170\/revisions"}],"predecessor-version":[{"id":34171,"href":"https:\/\/racefinder.pt\/pt\/wp-json\/wp\/v2\/product\/34170\/revisions\/34171"}],"wp:featuredmedia":[{"embeddable":true,"href":"https:\/\/racefinder.pt\/pt\/wp-json\/wp\/v2\/media\/34380"}],"wp:attachment":[{"href":"https:\/\/racefinder.pt\/pt\/wp-json\/wp\/v2\/media?parent=34170"}],"wp:term":[{"taxonomy":"product_brand","embeddable":true,"href":"https:\/\/racefinder.pt\/pt\/wp-json\/wp\/v2\/product_brand?post=34170"},{"taxonomy":"product_cat","embeddable":true,"href":"https:\/\/racefinder.pt\/pt\/wp-json\/wp\/v2\/product_cat?post=34170"},{"taxonomy":"product_tag","embeddable":true,"href":"https:\/\/racefinder.pt\/pt\/wp-json\/wp\/v2\/product_tag?post=34170"}],"curies":[{"name":"wp","href":"https:\/\/api.w.org\/{rel}","templated":true}]}}

<p>A Mini / Meia Maratona do Porto Santo realiza-se a 14 de março de 2026, no Porto Santo. O evento inclui uma Mini Maratona com cerca de 10 km e uma Meia Maratona com extensão exata de 21,0975 km.</p>
<p>As provas são abertas a atletas federados e não federados de ambos os sexos, com escalões para sub20, sub23, seniores e veteranos. Serve também como Campeonato Regional de Meia Maratona, premiando campeões regionais individuais e coletivos.</p>
<p>Os percursos têm partida e chegada na Avenida Manuel Gregório Pestana Júnior, com rotas cénicas ao longo da estrada marginal costeira e pontos de retorno fixos. São atribuídos prémios aos melhores classificados por escalão e clubes, promovendo uma atmosfera competitiva e festiva.</p>

<p><strong><a class="" href="https://atletismodamadeira.pt/wp-content/uploads/2026/02/E26-18_Meia_Maratona_Porto-Santo-1.pdf" target="_new" rel="noopener">Regulamento ↗</a></strong></p>
<p><strong>Locais de partida/chegada:</strong> Avenida Manuel Gregório Pestana Júnior (Estrada Marginal), Porto Santo</p>
<p><strong>Horários de partida por categoria/distância:</strong><br />
• 08:30 – Mini Maratona (cerca de 10 km) para sub20, sub23, seniores, veteranos (nascidos em 2008 ou antes)<br />
• 08:30 – Meia Maratona (21,0975 km) para sub23, seniores, veteranos (nascidos em 2006 ou antes)</p>
<p><strong>Prazo de inscrição:</strong> 24 de fevereiro de 2026</p>
<p><strong>Tipos de piso:</strong> Estrada ao longo da marginal costeira</p>
<p><strong>Formato do percurso:</strong> Percurso de ida e volta com pontos de retorno fixos</p>
<p><strong>Percursos da prova:</strong><br />
• Mini Maratona: Partida na Avenida Manuel Gregório Pestana Júnior, direção à Calheta, retorno no km 5, chegada no local da partida<br />
• Meia Maratona: Partida na Avenida Manuel Gregório Pestana Júnior, direção à Calheta com pontos de retorno fixos perto do restaurante e perto do Hotel Pestana, chegada no local da partida</p>
<p><strong>Método de cronometragem:</strong> Uso obrigatório de dorsal com chip fornecido pela AARAM</p>
<p><strong>Prémios:</strong><br />
• Mini Maratona: três primeiros da geral e primeiro de cada escalão (sub20, sub23, seniores, veteranos 35 a 70+)<br />
• Campeonato Regional de Meia Maratona: três primeiros da geral, três primeiros por escalão (sub23, seniores, veteranos 35 a 70+), três primeiros clubes</p>

<div class="flex flex-col text-sm pb-25">
<article class="text-token-text-primary w-full focus:outline-none [--shadow-height:45px] has-data-writing-block:pointer-events-none has-data-writing-block:-mt-(--shadow-height) has-data-writing-block:pt-(--shadow-height) [&amp;:has([data-writing-block])&gt;*]:pointer-events-auto scroll-mt-[calc(var(--header-height)+min(200px,max(70px,20svh)))]" dir="auto" tabindex="-1" data-turn-id="71f8de20-ec52-407b-bdc9-361d6e7c3229" data-testid="conversation-turn-32" data-scroll-anchor="true" data-turn="assistant">
<div class="text-base my-auto mx-auto pb-10 [--thread-content-margin:--spacing(4)] @w-sm/main:[--thread-content-margin:--spacing(6)] @w-lg/main:[--thread-content-margin:--spacing(16)] px-(--thread-content-margin)">
<div class="[--thread-content-max-width:40rem] @w-lg/main:[--thread-content-max-width:48rem] mx-auto max-w-(--thread-content-max-width) flex-1 group/turn-messages focus-visible:outline-hidden relative flex w-full min-w-0 flex-col agent-turn" tabindex="-1">
<div class="flex max-w-full flex-col grow">
<div class="min-h-8 text-message relative flex w-full flex-col items-end gap-2 text-start break-words whitespace-normal [.text-message+&amp;]:mt-1" dir="auto" data-message-author-role="assistant" data-message-id="24c5a2ee-cbde-4342-856d-7571a83f7add" data-message-model-slug="gpt-5-2">
<div class="flex w-full flex-col gap-1 empty:hidden first:pt-[1px]">
<div class="markdown prose dark:prose-invert w-full wrap-break-word dark markdown-new-styling">
<h1 data-start="0" data-end="19"><strong data-start="2" data-end="19">Race Benefits</strong></h1>
<h2 data-start="21" data-end="26">EN</h2>
<p data-start="27" data-end="540">🎽 Athlete kit: official race bib with electronic chip<br data-start="81" data-end="84" />🛡️ Insurance: personal accident insurance included for all participants<br data-start="156" data-end="159" />⏱️ Electronic timing with chip, according to FPA regulations<br data-start="219" data-end="222" />🛟 Medical support and police supervision throughout the event<br data-start="284" data-end="287" />🏆 Awards ceremony immediately after the races<br data-start="333" data-end="336" />🥇 Prizes – Mini Marathon: Top 3 overall and 1st place in each age group (per gender)<br data-start="421" data-end="424" />🥇 Prizes – Half Marathon / Regional Championship: Top 3 overall, Top 3 by age group, and Top 3 clubs (per gender)</p>
<h2 data-start="542" data-end="547">PT</h2>
<p data-start="548" data-end="1095" data-is-last-node="" data-is-only-node="">🎽 Kit do atleta: dorsal oficial com chip eletrónico<br data-start="600" data-end="603" />🛡️ Seguro: seguro de acidentes pessoais incluído para todos os participantes<br data-start="680" data-end="683" />⏱️ Cronometragem eletrónica com chip, de acordo com o regulamento da FPA<br data-start="755" data-end="758" />🛟 Apoio médico e policiamento assegurados durante a prova<br data-start="816" data-end="819" />🏆 Cerimónia de entrega de prémios após as provas<br data-start="868" data-end="871" />🥇 Prémios – Mini Maratona: 3 primeiros da geral e 1.º classificado de cada escalão (por sexo)<br data-start="965" data-end="968" />🥇 Prémios – Meia Maratona / Campeonato Regional: 3 primeiros da geral, 3 primeiros por escalão e 3 primeiros clubes (por sexo)</p>
</div>
</div>
</div>
</div>
</div>
</div>
</article>
</div>
