{"id":34046,"date":"2026-02-25T23:02:35","date_gmt":"2026-02-25T23:02:35","guid":{"rendered":"https:\/\/racefinder.pt\/?post_type=product&#038;p=34046"},"modified":"2026-03-02T16:53:06","modified_gmt":"2026-03-02T16:53:06","slug":"campeonatos-nacionais-de-5km-em-estrada","status":"publish","type":"product","link":"https:\/\/racefinder.pt\/pt\/event\/campeonatos-nacionais-de-5km-em-estrada\/","title":{"rendered":"Campeonatos Nacionais de 5km em Estrada"},"content":{"rendered":"","protected":false},"excerpt":{"rendered":"","protected":false},"featured_media":35064,"comment_status":"open","ping_status":"closed","template":"","meta":{"_acf_changed":false,"footnotes":""},"product_brand":[],"product_cat":[129,224],"product_tag":[],"class_list":{"0":"post-34046","1":"product","2":"type-product","3":"status-publish","4":"has-post-thumbnail","6":"product_cat-corrida","7":"product_cat-5-km-pt","9":"first","10":"instock","11":"shipping-taxable","12":"purchasable","13":"product-type-variable"},"acf":{"event_location_text":"Vila Real de Santo Ant\u00f3nio, Faro","event_short_description":"<p>Os 3.os Campeonatos Nacionais de 5km em Estrada realizam-se a 15 de mar\u00e7o de 2026 em Vila Real Santo Ant\u00f3nio, Portugal. Esta prova de corrida em estrada apresenta uma dist\u00e2ncia \u00fanica de 5 km, aferida oficialmente pelos oficiais da FPA.<\/p>\n<p>A competi\u00e7\u00e3o est\u00e1 aberta a atletas masculinos e femininos nos escal\u00f5es Sub-18, Sub-20, Sub-23, Absolutos, Veteranos e Adaptados, com classifica\u00e7\u00f5es para v\u00e1rias classes de defici\u00eancia. A participa\u00e7\u00e3o requer filia\u00e7\u00e3o numa associa\u00e7\u00e3o distrital ou regional, com regras espec\u00edficas para atletas estrangeiros.<\/p>\n<p>O evento integra o Grande Pr\u00e9mio da Cidade Pombalina e inclui classifica\u00e7\u00f5es individuais e coletivas, com medalhas e trof\u00e9us atribu\u00eddos em todas as categorias. O percurso da prova \u00e9 na cidade de Vila Real Santo Ant\u00f3nio, proporcionando um ambiente competitivo e oficial de campeonato.<\/p>\n","organizer_description":"<p><strong><a class=\"\" href=\"https:\/\/fpaportalonline.blob.core.windows.net\/portalfpa-public\/2026\/02\/Reg_ES_2026_CN_5kmEstrada.pdf\" target=\"_new\" rel=\"noopener\">Regulamento \u2197<\/a><\/strong><\/p>\n<p><strong>Hor\u00e1rios de partida por categoria\/dist\u00e2ncia:<\/strong><br \/>\n\u2022 09:30 Sub-18 Masculino<br \/>\n\u2022 09:38 Sub-18 Feminino<br \/>\n\u2022 10:15 Sub-20, Sub-23, Absolutos, Veteranos e Adaptado Feminino<br \/>\n\u2022 11:00 Sub-20, Sub-23, Absolutos, Veteranos e Adaptado Masculino<\/p>\n<p><strong>Prazo de inscri\u00e7\u00e3o:<\/strong> 9 de mar\u00e7o de 2026 \u00e0s 23:59 (hora local)<\/p>\n<p><strong>Formato do percurso:<\/strong> Prova \u00fanica de 5 km em estrada, aferida pelos oficiais da FPA<\/p>\n<p><strong>Percursos da prova:<\/strong> Percurso na cidade de Vila Real Santo Ant\u00f3nio conforme mapa oficial<\/p>\n<p><strong>Escal\u00f5es\/categorias:<\/strong><br \/>\n\u2022 Sub-18<br \/>\n\u2022 Sub-20<br \/>\n\u2022 Sub-23<br \/>\n\u2022 Absolutos<br \/>\n\u2022 Veteranos (idade 35+ conforme categorias WA\/WMA)<br \/>\n\u2022 Adaptado (v\u00e1rias classes de defici\u00eancia T11\/12\/13, T20, T37\/38\/T45\/46 e surdos)<\/p>\n<p><strong>Pr\u00e9mios:<\/strong> Medalhas para os 3 primeiros classificados individuais por escal\u00e3o e g\u00e9nero; medalhas para 4 elementos das equipas e trof\u00e9us para as 3 melhores equipas nos escal\u00f5es Sub-18, Sub-20 a Absolutos e Veteranos<\/p>\n","race_benefits":"","event_faq_headline":"FAQ","event_faq_items":false,"event_date_start":"20260315","event_date_end":"20260315","event_start_time":"","event_country":"portugal","event_latitude":"37.1946","event_longitude":"-7.4155","event_ticket_url":"https:\/\/beta.fpacompeticoes.pt\/inscriptions\/5790","event_rating":"","is_hot_event":false,"event_participants_count":"0","organizer_avatar":false,"event_gallery":false,"purchasing_all_variations_through_woocommerce":false,"organizer_website":{"title":"","url":"","target":"","0":""}},"_links":{"self":[{"href":"https:\/\/racefinder.pt\/pt\/wp-json\/wp\/v2\/product\/34046","targetHints":{"allow":["GET"]}}],"collection":[{"href":"https:\/\/racefinder.pt\/pt\/wp-json\/wp\/v2\/product"}],"about":[{"href":"https:\/\/racefinder.pt\/pt\/wp-json\/wp\/v2\/types\/product"}],"replies":[{"embeddable":true,"href":"https:\/\/racefinder.pt\/pt\/wp-json\/wp\/v2\/comments?post=34046"}],"version-history":[{"count":1,"href":"https:\/\/racefinder.pt\/pt\/wp-json\/wp\/v2\/product\/34046\/revisions"}],"predecessor-version":[{"id":34047,"href":"https:\/\/racefinder.pt\/pt\/wp-json\/wp\/v2\/product\/34046\/revisions\/34047"}],"wp:featuredmedia":[{"embeddable":true,"href":"https:\/\/racefinder.pt\/pt\/wp-json\/wp\/v2\/media\/35064"}],"wp:attachment":[{"href":"https:\/\/racefinder.pt\/pt\/wp-json\/wp\/v2\/media?parent=34046"}],"wp:term":[{"taxonomy":"product_brand","embeddable":true,"href":"https:\/\/racefinder.pt\/pt\/wp-json\/wp\/v2\/product_brand?post=34046"},{"taxonomy":"product_cat","embeddable":true,"href":"https:\/\/racefinder.pt\/pt\/wp-json\/wp\/v2\/product_cat?post=34046"},{"taxonomy":"product_tag","embeddable":true,"href":"https:\/\/racefinder.pt\/pt\/wp-json\/wp\/v2\/product_tag?post=34046"}],"curies":[{"name":"wp","href":"https:\/\/api.w.org\/{rel}","templated":true}]}}

Vila Real de Santo António, Faro

<p>Os 3.os Campeonatos Nacionais de 5km em Estrada realizam-se a 15 de março de 2026 em Vila Real Santo António, Portugal. Esta prova de corrida em estrada apresenta uma distância única de 5 km, aferida oficialmente pelos oficiais da FPA.</p>
<p>A competição está aberta a atletas masculinos e femininos nos escalões Sub-18, Sub-20, Sub-23, Absolutos, Veteranos e Adaptados, com classificações para várias classes de deficiência. A participação requer filiação numa associação distrital ou regional, com regras específicas para atletas estrangeiros.</p>
<p>O evento integra o Grande Prémio da Cidade Pombalina e inclui classificações individuais e coletivas, com medalhas e troféus atribuídos em todas as categorias. O percurso da prova é na cidade de Vila Real Santo António, proporcionando um ambiente competitivo e oficial de campeonato.</p>

<p><strong><a class="" href="https://fpaportalonline.blob.core.windows.net/portalfpa-public/2026/02/Reg_ES_2026_CN_5kmEstrada.pdf" target="_new" rel="noopener">Regulamento ↗</a></strong></p>
<p><strong>Horários de partida por categoria/distância:</strong><br />
• 09:30 Sub-18 Masculino<br />
• 09:38 Sub-18 Feminino<br />
• 10:15 Sub-20, Sub-23, Absolutos, Veteranos e Adaptado Feminino<br />
• 11:00 Sub-20, Sub-23, Absolutos, Veteranos e Adaptado Masculino</p>
<p><strong>Prazo de inscrição:</strong> 9 de março de 2026 às 23:59 (hora local)</p>
<p><strong>Formato do percurso:</strong> Prova única de 5 km em estrada, aferida pelos oficiais da FPA</p>
<p><strong>Percursos da prova:</strong> Percurso na cidade de Vila Real Santo António conforme mapa oficial</p>
<p><strong>Escalões/categorias:</strong><br />
• Sub-18<br />
• Sub-20<br />
• Sub-23<br />
• Absolutos<br />
• Veteranos (idade 35+ conforme categorias WA/WMA)<br />
• Adaptado (várias classes de deficiência T11/12/13, T20, T37/38/T45/46 e surdos)</p>
<p><strong>Prémios:</strong> Medalhas para os 3 primeiros classificados individuais por escalão e género; medalhas para 4 elementos das equipas e troféus para as 3 melhores equipas nos escalões Sub-18, Sub-20 a Absolutos e Veteranos</p>
