{"id":32666,"date":"2026-02-17T23:24:37","date_gmt":"2026-02-17T23:24:37","guid":{"rendered":"https:\/\/racefinder.pt\/?post_type=product&#038;p=32666"},"modified":"2026-02-18T11:57:58","modified_gmt":"2026-02-18T11:57:58","slug":"volta-ao-concelho-de-almodovar","status":"publish","type":"product","link":"https:\/\/racefinder.pt\/pt\/event\/volta-ao-concelho-de-almodovar\/","title":{"rendered":"VOLTA AO CONCELHO DE ALMOD\u00d4VAR"},"content":{"rendered":"","protected":false},"excerpt":{"rendered":"","protected":false},"featured_media":32733,"comment_status":"open","ping_status":"closed","template":"","meta":{"_acf_changed":false,"footnotes":""},"product_brand":[],"product_cat":[130,212],"product_tag":[],"class_list":{"0":"post-32666","1":"product","2":"type-product","3":"status-publish","4":"has-post-thumbnail","6":"product_cat-ciclismo","7":"product_cat-ciclismo-de-estrada","9":"first","10":"instock","11":"shipping-taxable","12":"purchasable","13":"product-type-variable"},"acf":{"event_location_text":"Almod\u00f4var, Beja","event_short_description":"<p>A XVIII Volta ao Concelho de Almod\u00f4var \u00e9 uma prova de ciclismo realizada em dois dias, 28 de fevereiro e 1 de mar\u00e7o de 2026, em Almod\u00f4var, Portugal. Conta com tr\u00eas etapas de 129 km, 71 km e 45 km, com desn\u00edveis significativos.<\/p>\n<p>Este evento \u00e9 reservado a ciclistas masculinos das categorias Masters e Elites amadores com licen\u00e7a anual da Federa\u00e7\u00e3o Portuguesa de Ciclismo, excluindo titulares de licen\u00e7a CPT ou sem licen\u00e7a. Faz parte do calend\u00e1rio regional sob a \u00e9gide da Associa\u00e7\u00e3o de Ciclismo do Algarve.<\/p>\n<p>A corrida oferece um ambiente competitivo com classifica\u00e7\u00f5es individuais e por equipas, incluindo v\u00e1rias camisolas de l\u00edder e trof\u00e9us para diversas categorias.<\/p>\n","organizer_description":"<p><strong><a class=\"\" href=\"https:\/\/cabreirasolutions.com\/evento\/volta-ao-concelho-de-almodovar\/?tab=regulamento#page-content\" target=\"_new\" rel=\"noopener\">Regulamento \u2197<\/a><\/strong><\/p>\n<p><strong>Escal\u00f5es\/categorias:<\/strong><br \/>\n\u2022 Elite Amadores (masculino)<br \/>\n\u2022 Masters 30 (masculino)<br \/>\n\u2022 Masters 40 (masculino)<br \/>\n\u2022 Masters 50 (masculino)<br \/>\n\u2022 Masters 60 (masculino)<br \/>\n\u2022 Masters 70 (masculino)<\/p>\n<p><strong>Locais de partida\/chegada:<\/strong> Almod\u00f4var (Pra\u00e7a da Rep\u00fablica e Variante)<\/p>\n<p><strong>Hor\u00e1rios de partida por categoria\/dist\u00e2ncia:<\/strong><br \/>\n\u2022 28 de fevereiro, 11:30 \u2013 Etapa 1: 129 km (65 km para Masters 50+)<br \/>\n\u2022 1 de mar\u00e7o, 09:30 \u2013 Etapa 2a: 71 km<br \/>\n\u2022 1 de mar\u00e7o, 16:00 \u2013 Etapa 2b: 45 km<\/p>\n<p><strong>Tempos limite:<\/strong><br \/>\n\u2022 Etapa 1: limite de 10%<br \/>\n\u2022 Etapa 2a: limite de 10%<br \/>\n\u2022 Etapa 2b: Ap\u00f3s o primeiro corredor, restantes terminam e regressam<\/p>\n<p><strong>Levantamento de dorsais (data\/hora e local):<\/strong> 28 de fevereiro, 08:30\u201310:00 na Universidade S\u00e9nior, Pra\u00e7a da Rep\u00fablica, Almod\u00f4var<\/p>\n<p><strong>Limite de participantes:<\/strong> 200<\/p>\n<p><strong>Prazo de inscri\u00e7\u00e3o:<\/strong> 24 de fevereiro de 2026, 23:59<\/p>\n<p><strong>Tipos de piso:<\/strong> Estrada asfaltada com desn\u00edveis<\/p>\n<p><strong>Formato do percurso:<\/strong> Prova por etapas em dois dias com tr\u00eas etapas<\/p>\n<p><strong>Percursos da prova:<\/strong><br \/>\n\u2022 Etapa 1: Almod\u00f4var a Alto de Santo Amaro, 129 km, 2659 m de desn\u00edvel<br \/>\n\u2022 Etapa 2a: circuito em Almod\u00f4var, 71 km, 789 m de desn\u00edvel<br \/>\n\u2022 Etapa 2b: Circuito da Vila Negra, 45 km, 826 m de desn\u00edvel<\/p>\n<p><strong>M\u00e9todo de cronometragem:<\/strong> Classifica\u00e7\u00e3o individual por soma dos tempos das etapas<\/p>\n<p><strong>Pr\u00e9mios:<\/strong> Trof\u00e9us para os 3 primeiros da geral individual, l\u00edderes das metas volantes e montanha, vencedores de categorias, melhor atleta da Associa\u00e7\u00e3o Ciclismo Algarve e 3 primeiras equipas<\/p>\n","race_benefits":"","event_faq_headline":"FAQ","event_faq_items":false,"event_date_start":"20260228","event_date_end":"20260301","event_start_time":"","event_country":"portugal","event_ticket_url":"https:\/\/www.fpciclismo.pt\/prova-inscrever\/xviii-volta-ao-concelho-de-almodovar-inscrever","event_latitude":"37.5116","event_longitude":"-8.0603","event_rating":"","is_hot_event":false,"event_participants_count":"0","organizer_avatar":false,"event_gallery":false,"purchasing_all_variations_through_woocommerce":false,"organizer_website":{"title":"","url":"","target":"","0":""}},"_links":{"self":[{"href":"https:\/\/racefinder.pt\/pt\/wp-json\/wp\/v2\/product\/32666","targetHints":{"allow":["GET"]}}],"collection":[{"href":"https:\/\/racefinder.pt\/pt\/wp-json\/wp\/v2\/product"}],"about":[{"href":"https:\/\/racefinder.pt\/pt\/wp-json\/wp\/v2\/types\/product"}],"replies":[{"embeddable":true,"href":"https:\/\/racefinder.pt\/pt\/wp-json\/wp\/v2\/comments?post=32666"}],"version-history":[{"count":1,"href":"https:\/\/racefinder.pt\/pt\/wp-json\/wp\/v2\/product\/32666\/revisions"}],"predecessor-version":[{"id":32667,"href":"https:\/\/racefinder.pt\/pt\/wp-json\/wp\/v2\/product\/32666\/revisions\/32667"}],"wp:featuredmedia":[{"embeddable":true,"href":"https:\/\/racefinder.pt\/pt\/wp-json\/wp\/v2\/media\/32733"}],"wp:attachment":[{"href":"https:\/\/racefinder.pt\/pt\/wp-json\/wp\/v2\/media?parent=32666"}],"wp:term":[{"taxonomy":"product_brand","embeddable":true,"href":"https:\/\/racefinder.pt\/pt\/wp-json\/wp\/v2\/product_brand?post=32666"},{"taxonomy":"product_cat","embeddable":true,"href":"https:\/\/racefinder.pt\/pt\/wp-json\/wp\/v2\/product_cat?post=32666"},{"taxonomy":"product_tag","embeddable":true,"href":"https:\/\/racefinder.pt\/pt\/wp-json\/wp\/v2\/product_tag?post=32666"}],"curies":[{"name":"wp","href":"https:\/\/api.w.org\/{rel}","templated":true}]}}

VOLTA AO CONCELHO DE ALMODÔVAR

Almodôvar, Beja

<p>A XVIII Volta ao Concelho de Almodôvar é uma prova de ciclismo realizada em dois dias, 28 de fevereiro e 1 de março de 2026, em Almodôvar, Portugal. Conta com três etapas de 129 km, 71 km e 45 km, com desníveis significativos.</p>
<p>Este evento é reservado a ciclistas masculinos das categorias Masters e Elites amadores com licença anual da Federação Portuguesa de Ciclismo, excluindo titulares de licença CPT ou sem licença. Faz parte do calendário regional sob a égide da Associação de Ciclismo do Algarve.</p>
<p>A corrida oferece um ambiente competitivo com classificações individuais e por equipas, incluindo várias camisolas de líder e troféus para diversas categorias.</p>

<p><strong><a class="" href="https://cabreirasolutions.com/evento/volta-ao-concelho-de-almodovar/?tab=regulamento#page-content" target="_new" rel="noopener">Regulamento ↗</a></strong></p>
<p><strong>Escalões/categorias:</strong><br />
• Elite Amadores (masculino)<br />
• Masters 30 (masculino)<br />
• Masters 40 (masculino)<br />
• Masters 50 (masculino)<br />
• Masters 60 (masculino)<br />
• Masters 70 (masculino)</p>
<p><strong>Locais de partida/chegada:</strong> Almodôvar (Praça da República e Variante)</p>
<p><strong>Horários de partida por categoria/distância:</strong><br />
• 28 de fevereiro, 11:30 – Etapa 1: 129 km (65 km para Masters 50+)<br />
• 1 de março, 09:30 – Etapa 2a: 71 km<br />
• 1 de março, 16:00 – Etapa 2b: 45 km</p>
<p><strong>Tempos limite:</strong><br />
• Etapa 1: limite de 10%<br />
• Etapa 2a: limite de 10%<br />
• Etapa 2b: Após o primeiro corredor, restantes terminam e regressam</p>
<p><strong>Levantamento de dorsais (data/hora e local):</strong> 28 de fevereiro, 08:30–10:00 na Universidade Sénior, Praça da República, Almodôvar</p>
<p><strong>Limite de participantes:</strong> 200</p>
<p><strong>Prazo de inscrição:</strong> 24 de fevereiro de 2026, 23:59</p>
<p><strong>Tipos de piso:</strong> Estrada asfaltada com desníveis</p>
<p><strong>Formato do percurso:</strong> Prova por etapas em dois dias com três etapas</p>
<p><strong>Percursos da prova:</strong><br />
• Etapa 1: Almodôvar a Alto de Santo Amaro, 129 km, 2659 m de desnível<br />
• Etapa 2a: circuito em Almodôvar, 71 km, 789 m de desnível<br />
• Etapa 2b: Circuito da Vila Negra, 45 km, 826 m de desnível</p>
<p><strong>Método de cronometragem:</strong> Classificação individual por soma dos tempos das etapas</p>
<p><strong>Prémios:</strong> Troféus para os 3 primeiros da geral individual, líderes das metas volantes e montanha, vencedores de categorias, melhor atleta da Associação Ciclismo Algarve e 3 primeiras equipas</p>
