{"id":27882,"date":"2026-01-20T19:41:31","date_gmt":"2026-01-20T19:41:31","guid":{"rendered":"https:\/\/www.racefinder.pt\/?post_type=product&#038;p=27882"},"modified":"2026-01-29T09:10:21","modified_gmt":"2026-01-29T09:10:21","slug":"corrida-da-marginal","status":"publish","type":"product","link":"https:\/\/racefinder.pt\/pt\/event\/corrida-da-marginal\/","title":{"rendered":"CORRIDA DA MARGINAL"},"content":{"rendered":"","protected":false},"excerpt":{"rendered":"","protected":false},"featured_media":28709,"comment_status":"open","ping_status":"closed","template":"","meta":{"_acf_changed":false,"footnotes":""},"product_brand":[],"product_cat":[140,129,225],"product_tag":[],"class_list":{"0":"post-27882","1":"product","2":"type-product","3":"status-publish","4":"has-post-thumbnail","6":"product_cat-caminhada","7":"product_cat-corrida","8":"product_cat-10-km-pt","10":"first","11":"instock","12":"shipping-taxable","13":"purchasable","14":"product-type-variable"},"acf":{"event_short_description":"<p>A Corrida da Marginal Vila do Conde\/P\u00f3voa de Varzim est\u00e1 agendada para 8 de mar\u00e7o de 2026, com largada \u00e0s 10h. A prova come\u00e7a e termina na Av. Brasil, em Vila do Conde, com ponto de retorno na Av. Dos Banhos, em P\u00f3voa de Varzim, pr\u00f3ximo ao Desportivo da P\u00f3voa.<\/p>\n<p>A dist\u00e2ncia principal da prova \u00e9 de 10 km, com uma caminhada adicional de 5 km para pais e filhos. O evento recebe corredores profissionais e amadores em boa forma f\u00edsica, de diversas faixas et\u00e1rias, desde idosos at\u00e9 veteranos.<\/p>\n<p>A prova conta com pontos de controle t\u00e9cnico ao longo do percurso e pontos de hidrata\u00e7\u00e3o no quil\u00f4metro 5. O ambiente \u00e9 inclusivo, com trof\u00e9us para os tr\u00eas primeiros colocados de cada categoria e medalhas de participa\u00e7\u00e3o para os caminhantes.<\/p>\n","organizer_description":"<p><strong><a class=\"\" href=\"https:\/\/corridadamarginal2026.statusmarathon.net\/uploads\/corridadamarginal2026\/editor\/Regulamento_Corrida_da_Marginal_2026.pdf\" target=\"_new\" rel=\"noopener\">Regulamento \u2197<\/a><\/strong><\/p>\n<p><strong>Locais de partida\/chegada:<\/strong> Av. Brasil, Vila do Conde<\/p>\n<p><strong>Hor\u00e1rios de partida por categoria\/dist\u00e2ncia:<\/strong> 10:00 para corrida de 10 km e caminhada pais e filhos de 5 km<\/p>\n<p><strong>Tempos limite:<\/strong> Dura\u00e7\u00e3o m\u00e1xima de 2 horas para a corrida de 10 km<\/p>\n<p><strong>Levantamento de dorsais (data\/hora e local):<\/strong><br \/>\n\u2022 7 de mar\u00e7o, 10:00\u201318:00<br \/>\n\u2022 8 de mar\u00e7o, 08:00\u201309:00<br \/>\n\u2022 Local: Av. Brasil, Vila do Conde<\/p>\n<p><strong>Limite de participantes:<\/strong> 1000<\/p>\n<p><strong>Tipos de piso:<\/strong> Asfalto<\/p>\n<p><strong>Percursos da prova:<\/strong><br \/>\n\u2022 Corrida 10 km: Partida e chegada na Av. Brasil, Vila do Conde, retorno junto ao Desportivo da P\u00f3voa na Av. Dos Banhos, P\u00f3voa de Varzim<br \/>\n\u2022 Caminhada 5 km: Partida e chegada na Av. Brasil, Vila do Conde, retorno junto \u00e0 Igreja do Senhor dos Navegantes, Caxinas<\/p>\n<p><strong>WC e localiza\u00e7\u00e3o dos abastecimentos:<\/strong> Abastecimento no 5\u00ba quil\u00f3metro conforme normas da I.A.A.F.<\/p>\n<p><strong>Pr\u00e9mios:<\/strong> T-shirts, medalhas para participantes da corrida, sacos para participantes, trof\u00e9us para os tr\u00eas primeiros classificados de cada escal\u00e3o<\/p>\n","race_benefits":"<p>\ud83c\udfbd Kit do atleta: kit de participante dispon\u00edvel com medalha para participantes da caminhada<br \/>\n\ud83c\udfc5 Pr\u00e9mio de finalista: medalhas para participantes da corrida<br \/>\n\ud83e\udd64 Abastecimentos: hidrata\u00e7\u00e3o no 5\u00ba quil\u00f3metro<br \/>\n\ud83d\udedf Apoio de seguran\u00e7a: assist\u00eancia m\u00e9dica durante o percurso, partida e chegada<br \/>\n\ud83d\udee1\ufe0f Seguro: seguro desportivo obrigat\u00f3rio para todos os participantes<br \/>\n\ud83c\udfc6 Trof\u00e9us para os tr\u00eas primeiros classificados de cada escal\u00e3o<\/p>\n","event_date_start":"20260308","event_date_end":"20260308","event_start_time":"","event_country":"portugal","event_ticket_url":"https:\/\/corridadamarginal2026.statusmarathon.net\/","event_latitude":"41.354","event_longitude":"-8.7435","event_rating":"","is_hot_event":false,"event_participants_count":"0","organizer_avatar":false,"event_gallery":false,"event_location_text":"Vila do Conde","organizer_website":{"title":"","url":"","target":"","0":""}},"_links":{"self":[{"href":"https:\/\/racefinder.pt\/pt\/wp-json\/wp\/v2\/product\/27882","targetHints":{"allow":["GET"]}}],"collection":[{"href":"https:\/\/racefinder.pt\/pt\/wp-json\/wp\/v2\/product"}],"about":[{"href":"https:\/\/racefinder.pt\/pt\/wp-json\/wp\/v2\/types\/product"}],"replies":[{"embeddable":true,"href":"https:\/\/racefinder.pt\/pt\/wp-json\/wp\/v2\/comments?post=27882"}],"version-history":[{"count":1,"href":"https:\/\/racefinder.pt\/pt\/wp-json\/wp\/v2\/product\/27882\/revisions"}],"predecessor-version":[{"id":29551,"href":"https:\/\/racefinder.pt\/pt\/wp-json\/wp\/v2\/product\/27882\/revisions\/29551"}],"wp:featuredmedia":[{"embeddable":true,"href":"https:\/\/racefinder.pt\/pt\/wp-json\/wp\/v2\/media\/28709"}],"wp:attachment":[{"href":"https:\/\/racefinder.pt\/pt\/wp-json\/wp\/v2\/media?parent=27882"}],"wp:term":[{"taxonomy":"product_brand","embeddable":true,"href":"https:\/\/racefinder.pt\/pt\/wp-json\/wp\/v2\/product_brand?post=27882"},{"taxonomy":"product_cat","embeddable":true,"href":"https:\/\/racefinder.pt\/pt\/wp-json\/wp\/v2\/product_cat?post=27882"},{"taxonomy":"product_tag","embeddable":true,"href":"https:\/\/racefinder.pt\/pt\/wp-json\/wp\/v2\/product_tag?post=27882"}],"curies":[{"name":"wp","href":"https:\/\/api.w.org\/{rel}","templated":true}]}}

<p>A Corrida da Marginal Vila do Conde/Póvoa de Varzim está agendada para 8 de março de 2026, com largada às 10h. A prova começa e termina na Av. Brasil, em Vila do Conde, com ponto de retorno na Av. Dos Banhos, em Póvoa de Varzim, próximo ao Desportivo da Póvoa.</p>
<p>A distância principal da prova é de 10 km, com uma caminhada adicional de 5 km para pais e filhos. O evento recebe corredores profissionais e amadores em boa forma física, de diversas faixas etárias, desde idosos até veteranos.</p>
<p>A prova conta com pontos de controle técnico ao longo do percurso e pontos de hidratação no quilômetro 5. O ambiente é inclusivo, com troféus para os três primeiros colocados de cada categoria e medalhas de participação para os caminhantes.</p>

<p><strong><a class="" href="https://corridadamarginal2026.statusmarathon.net/uploads/corridadamarginal2026/editor/Regulamento_Corrida_da_Marginal_2026.pdf" target="_new" rel="noopener">Regulamento ↗</a></strong></p>
<p><strong>Locais de partida/chegada:</strong> Av. Brasil, Vila do Conde</p>
<p><strong>Horários de partida por categoria/distância:</strong> 10:00 para corrida de 10 km e caminhada pais e filhos de 5 km</p>
<p><strong>Tempos limite:</strong> Duração máxima de 2 horas para a corrida de 10 km</p>
<p><strong>Levantamento de dorsais (data/hora e local):</strong><br />
• 7 de março, 10:00–18:00<br />
• 8 de março, 08:00–09:00<br />
• Local: Av. Brasil, Vila do Conde</p>
<p><strong>Limite de participantes:</strong> 1000</p>
<p><strong>Tipos de piso:</strong> Asfalto</p>
<p><strong>Percursos da prova:</strong><br />
• Corrida 10 km: Partida e chegada na Av. Brasil, Vila do Conde, retorno junto ao Desportivo da Póvoa na Av. Dos Banhos, Póvoa de Varzim<br />
• Caminhada 5 km: Partida e chegada na Av. Brasil, Vila do Conde, retorno junto à Igreja do Senhor dos Navegantes, Caxinas</p>
<p><strong>WC e localização dos abastecimentos:</strong> Abastecimento no 5º quilómetro conforme normas da I.A.A.F.</p>
<p><strong>Prémios:</strong> T-shirts, medalhas para participantes da corrida, sacos para participantes, troféus para os três primeiros classificados de cada escalão</p>

<p>🎽 Kit do atleta: kit de participante disponível com medalha para participantes da caminhada<br />
🏅 Prémio de finalista: medalhas para participantes da corrida<br />
🥤 Abastecimentos: hidratação no 5º quilómetro<br />
🛟 Apoio de segurança: assistência médica durante o percurso, partida e chegada<br />
🛡️ Seguro: seguro desportivo obrigatório para todos os participantes<br />
🏆 Troféus para os três primeiros classificados de cada escalão</p>
