{"id":25022,"date":"2026-01-05T23:05:07","date_gmt":"2026-01-05T23:05:07","guid":{"rendered":"https:\/\/www.racefinder.pt\/?post_type=product&#038;p=25022"},"modified":"2026-01-27T12:21:59","modified_gmt":"2026-01-27T12:21:59","slug":"europarque-meia-maratona","status":"publish","type":"product","link":"https:\/\/racefinder.pt\/pt\/event\/europarque-meia-maratona\/","title":{"rendered":"Europarque Meia Maratona"},"content":{"rendered":"","protected":false},"excerpt":{"rendered":"","protected":false},"featured_media":25379,"comment_status":"open","ping_status":"closed","template":"","meta":{"_acf_changed":false,"footnotes":""},"product_brand":[],"product_cat":[140,129,246,161,244],"product_tag":[],"class_list":{"0":"post-25022","1":"product","2":"type-product","3":"status-publish","4":"has-post-thumbnail","6":"product_cat-caminhada","7":"product_cat-corrida","8":"product_cat-corrida-de-rua","9":"product_cat-kids-pt","10":"product_cat-meia-maratona","12":"first","13":"instock","14":"shipping-taxable","15":"purchasable","16":"product-type-variable"},"acf":{"event_short_description":"<p>A Europarque Meia Maratona 2026 \u00e9 um evento de corrida marcado para 21 de mar\u00e7o de 2026, em Santa Maria da Feira, Portugal. A prova tem partida e chegada no Europarque, com dist\u00e2ncia de meia maratona.<\/p>\n<p>O evento est\u00e1 aberto a todos os participantes e inclui o Trof\u00e9u EUROPARQUE Running, uma caminhada e uma corrida j\u00fanior, tornando-o adequado para diversos perfis de corredores e fam\u00edlias.<\/p>\n<p>A atmosfera da prova \u00e9 comunit\u00e1ria, combinando atividades competitivas e recreativas num ambiente bem organizado.<\/p>\n","organizer_description":"<p><strong><a class=\"\" href=\"https:\/\/lap2go.com\/pt\/event\/europarque-meia-maratona-2026\/regulamento.html\" target=\"_new\" rel=\"noopener\">Regulamento \u2197<\/a><\/strong><\/p>\n<ul>\n<li data-start=\"2802\" data-end=\"2835\">\n<p data-start=\"2804\" data-end=\"2835\"><strong data-start=\"2804\" data-end=\"2813\">Data:<\/strong> 21 de mar\u00e7o de 2026<\/p>\n<\/li>\n<li data-start=\"2836\" data-end=\"2903\">\n<p data-start=\"2838\" data-end=\"2903\"><strong data-start=\"2838\" data-end=\"2868\">Local (partida e chegada):<\/strong> Europarque, Santa Maria da Feira<\/p>\n<\/li>\n<li data-start=\"2904\" data-end=\"2960\">\n<p data-start=\"2906\" data-end=\"2960\"><strong data-start=\"2906\" data-end=\"2922\">Organiza\u00e7\u00e3o:<\/strong> Feira Viva Cultura e Desporto, E.M.<\/p>\n<\/li>\n<li data-start=\"2961\" data-end=\"3089\">\n<p data-start=\"2963\" data-end=\"2986\"><strong data-start=\"2963\" data-end=\"2984\">Provas inclu\u00eddas:<\/strong><\/p>\n<ul data-start=\"2989\" data-end=\"3089\">\n<li data-start=\"2989\" data-end=\"3006\">\n<p data-start=\"2991\" data-end=\"3006\">Meia Maratona<\/p>\n<\/li>\n<li data-start=\"3009\" data-end=\"3038\">\n<p data-start=\"3011\" data-end=\"3038\">Trof\u00e9u EUROPARQUE Running<\/p>\n<\/li>\n<li data-start=\"3041\" data-end=\"3072\">\n<p data-start=\"3043\" data-end=\"3072\">Caminhada (n\u00e3o competitiva)<\/p>\n<\/li>\n<li data-start=\"3075\" data-end=\"3089\">\n<p data-start=\"3077\" data-end=\"3089\">Junior Run<\/p>\n<\/li>\n<\/ul>\n<\/li>\n<li data-start=\"3090\" data-end=\"3225\">\n<p data-start=\"3092\" data-end=\"3107\"><strong data-start=\"3092\" data-end=\"3105\">Hor\u00e1rios:<\/strong><\/p>\n<ul data-start=\"3110\" data-end=\"3225\">\n<li data-start=\"3110\" data-end=\"3145\">\n<p data-start=\"3112\" data-end=\"3145\">A partir das 10h00 | Junior Run<\/p>\n<\/li>\n<li data-start=\"3148\" data-end=\"3169\">\n<p data-start=\"3150\" data-end=\"3169\">15h30 | Caminhada<\/p>\n<\/li>\n<li data-start=\"3172\" data-end=\"3225\">\n<p data-start=\"3174\" data-end=\"3225\">16h00 | Meia Maratona e Trof\u00e9u EUROPARQUE Running<\/p>\n<\/li>\n<\/ul>\n<\/li>\n<li data-start=\"3226\" data-end=\"3358\">\n<p data-start=\"3228\" data-end=\"3249\"><strong data-start=\"3228\" data-end=\"3247\">Dura\u00e7\u00e3o m\u00e1xima:<\/strong><\/p>\n<ul data-start=\"3252\" data-end=\"3358\">\n<li data-start=\"3252\" data-end=\"3275\">\n<p data-start=\"3254\" data-end=\"3275\">Meia Maratona: 3h00<\/p>\n<\/li>\n<li data-start=\"3278\" data-end=\"3313\">\n<p data-start=\"3280\" data-end=\"3313\">Trof\u00e9u EUROPARQUE Running: 3h00<\/p>\n<\/li>\n<li data-start=\"3316\" data-end=\"3335\">\n<p data-start=\"3318\" data-end=\"3335\">Caminhada: 2h00<\/p>\n<\/li>\n<li data-start=\"3338\" data-end=\"3358\">\n<p data-start=\"3340\" data-end=\"3358\">Junior Run: 1h00<\/p>\n<\/li>\n<\/ul>\n<\/li>\n<li data-start=\"3359\" data-end=\"3506\">\n<p data-start=\"3361\" data-end=\"3380\"><strong data-start=\"3361\" data-end=\"3378\">Idade m\u00ednima:<\/strong><\/p>\n<ul data-start=\"3383\" data-end=\"3506\">\n<li data-start=\"3383\" data-end=\"3409\">\n<p data-start=\"3385\" data-end=\"3409\">Meia Maratona: 18 anos<\/p>\n<\/li>\n<li data-start=\"3412\" data-end=\"3450\">\n<p data-start=\"3414\" data-end=\"3450\">Trof\u00e9u EUROPARQUE Running: 18 anos<\/p>\n<\/li>\n<li data-start=\"3453\" data-end=\"3506\">\n<p data-start=\"3455\" data-end=\"3506\">Caminhada: todas as idades (menores acompanhados)<\/p>\n<\/li>\n<\/ul>\n<\/li>\n<li data-start=\"3507\" data-end=\"3557\">\n<p data-start=\"3509\" data-end=\"3557\"><strong data-start=\"3509\" data-end=\"3527\">Cronometragem:<\/strong> Sistema eletr\u00f3nico por chip<\/p>\n<\/li>\n<\/ul>\n","race_benefits":"<p data-start=\"3691\" data-end=\"3718\">\ud83c\udfbd Official event T-shirt<\/p>\n<p data-start=\"3721\" data-end=\"3737\">\ud83c\udff7\ufe0f Bib number<\/p>\n<p data-start=\"3740\" data-end=\"3785\">\u23f1\ufe0f Electronic timing chip (for timed races)<\/p>\n<p data-start=\"3788\" data-end=\"3820\">\ud83d\udee1\ufe0f Mandatory sports insurance<\/p>\n<p data-start=\"3823\" data-end=\"3864\">\ud83e\uddd2 Junior Run with age-based categories<\/p>\n<p data-start=\"3867\" data-end=\"3926\">\ud83c\udfc1 Official classifications and awards (where applicable)<\/p>\n<p data-start=\"3929\" data-end=\"3966\">\ud83d\udcc4 Digital diploma available online<\/p>\n<p data-start=\"3929\" data-end=\"3966\">\ud83e\ude7a Medical assistance during the event<\/p>\n","event_date_start":"20260321","event_date_end":"20260321","event_start_time":"","event_country":"portugal","event_ticket_url":"https:\/\/lap2go.com\/pt\/event\/europarque-meia-maratona-2026","event_latitude":"40.9254","event_longitude":"-8.5426","event_rating":"","is_hot_event":false,"event_participants_count":"0","organizer_avatar":false,"event_gallery":false,"event_location_text":"Santa Maria da Feira","organizer_website":{"title":"","url":"","target":"","0":""}},"_links":{"self":[{"href":"https:\/\/racefinder.pt\/pt\/wp-json\/wp\/v2\/product\/25022","targetHints":{"allow":["GET"]}}],"collection":[{"href":"https:\/\/racefinder.pt\/pt\/wp-json\/wp\/v2\/product"}],"about":[{"href":"https:\/\/racefinder.pt\/pt\/wp-json\/wp\/v2\/types\/product"}],"replies":[{"embeddable":true,"href":"https:\/\/racefinder.pt\/pt\/wp-json\/wp\/v2\/comments?post=25022"}],"version-history":[{"count":1,"href":"https:\/\/racefinder.pt\/pt\/wp-json\/wp\/v2\/product\/25022\/revisions"}],"predecessor-version":[{"id":29225,"href":"https:\/\/racefinder.pt\/pt\/wp-json\/wp\/v2\/product\/25022\/revisions\/29225"}],"wp:featuredmedia":[{"embeddable":true,"href":"https:\/\/racefinder.pt\/pt\/wp-json\/wp\/v2\/media\/25379"}],"wp:attachment":[{"href":"https:\/\/racefinder.pt\/pt\/wp-json\/wp\/v2\/media?parent=25022"}],"wp:term":[{"taxonomy":"product_brand","embeddable":true,"href":"https:\/\/racefinder.pt\/pt\/wp-json\/wp\/v2\/product_brand?post=25022"},{"taxonomy":"product_cat","embeddable":true,"href":"https:\/\/racefinder.pt\/pt\/wp-json\/wp\/v2\/product_cat?post=25022"},{"taxonomy":"product_tag","embeddable":true,"href":"https:\/\/racefinder.pt\/pt\/wp-json\/wp\/v2\/product_tag?post=25022"}],"curies":[{"name":"wp","href":"https:\/\/api.w.org\/{rel}","templated":true}]}}

<p>A Europarque Meia Maratona 2026 é um evento de corrida marcado para 21 de março de 2026, em Santa Maria da Feira, Portugal. A prova tem partida e chegada no Europarque, com distância de meia maratona.</p>
<p>O evento está aberto a todos os participantes e inclui o Troféu EUROPARQUE Running, uma caminhada e uma corrida júnior, tornando-o adequado para diversos perfis de corredores e famílias.</p>
<p>A atmosfera da prova é comunitária, combinando atividades competitivas e recreativas num ambiente bem organizado.</p>

<p><strong><a class="" href="https://lap2go.com/pt/event/europarque-meia-maratona-2026/regulamento.html" target="_new" rel="noopener">Regulamento ↗</a></strong></p>
<ul>
<li data-start="2802" data-end="2835">
<p data-start="2804" data-end="2835"><strong data-start="2804" data-end="2813">Data:</strong> 21 de março de 2026</p>
</li>
<li data-start="2836" data-end="2903">
<p data-start="2838" data-end="2903"><strong data-start="2838" data-end="2868">Local (partida e chegada):</strong> Europarque, Santa Maria da Feira</p>
</li>
<li data-start="2904" data-end="2960">
<p data-start="2906" data-end="2960"><strong data-start="2906" data-end="2922">Organização:</strong> Feira Viva Cultura e Desporto, E.M.</p>
</li>
<li data-start="2961" data-end="3089">
<p data-start="2963" data-end="2986"><strong data-start="2963" data-end="2984">Provas incluídas:</strong></p>
<ul data-start="2989" data-end="3089">
<li data-start="2989" data-end="3006">
<p data-start="2991" data-end="3006">Meia Maratona</p>
</li>
<li data-start="3009" data-end="3038">
<p data-start="3011" data-end="3038">Troféu EUROPARQUE Running</p>
</li>
<li data-start="3041" data-end="3072">
<p data-start="3043" data-end="3072">Caminhada (não competitiva)</p>
</li>
<li data-start="3075" data-end="3089">
<p data-start="3077" data-end="3089">Junior Run</p>
</li>
</ul>
</li>
<li data-start="3090" data-end="3225">
<p data-start="3092" data-end="3107"><strong data-start="3092" data-end="3105">Horários:</strong></p>
<ul data-start="3110" data-end="3225">
<li data-start="3110" data-end="3145">
<p data-start="3112" data-end="3145">A partir das 10h00 | Junior Run</p>
</li>
<li data-start="3148" data-end="3169">
<p data-start="3150" data-end="3169">15h30 | Caminhada</p>
</li>
<li data-start="3172" data-end="3225">
<p data-start="3174" data-end="3225">16h00 | Meia Maratona e Troféu EUROPARQUE Running</p>
</li>
</ul>
</li>
<li data-start="3226" data-end="3358">
<p data-start="3228" data-end="3249"><strong data-start="3228" data-end="3247">Duração máxima:</strong></p>
<ul data-start="3252" data-end="3358">
<li data-start="3252" data-end="3275">
<p data-start="3254" data-end="3275">Meia Maratona: 3h00</p>
</li>
<li data-start="3278" data-end="3313">
<p data-start="3280" data-end="3313">Troféu EUROPARQUE Running: 3h00</p>
</li>
<li data-start="3316" data-end="3335">
<p data-start="3318" data-end="3335">Caminhada: 2h00</p>
</li>
<li data-start="3338" data-end="3358">
<p data-start="3340" data-end="3358">Junior Run: 1h00</p>
</li>
</ul>
</li>
<li data-start="3359" data-end="3506">
<p data-start="3361" data-end="3380"><strong data-start="3361" data-end="3378">Idade mínima:</strong></p>
<ul data-start="3383" data-end="3506">
<li data-start="3383" data-end="3409">
<p data-start="3385" data-end="3409">Meia Maratona: 18 anos</p>
</li>
<li data-start="3412" data-end="3450">
<p data-start="3414" data-end="3450">Troféu EUROPARQUE Running: 18 anos</p>
</li>
<li data-start="3453" data-end="3506">
<p data-start="3455" data-end="3506">Caminhada: todas as idades (menores acompanhados)</p>
</li>
</ul>
</li>
<li data-start="3507" data-end="3557">
<p data-start="3509" data-end="3557"><strong data-start="3509" data-end="3527">Cronometragem:</strong> Sistema eletrónico por chip</p>
</li>
</ul>
